-- https://www.phpmyadmin.net/
--

START TRANSACTION;



--
-- Database: `laptite`
--

-- --------------------------------------------------------

--
-- Table structure for table `about`
--

CREATE TABLE `about` (
  `id` bigint(20) UNSIGNED NOT NULL,
  `about_image` varchar(255) DEFAULT NULL,
  `years_experience` varchar(255) DEFAULT NULL,
  `experience_text` varchar(255) DEFAULT NULL,
  `about_title` varchar(255) DEFAULT NULL,
  `about_main_heading` varchar(255) DEFAULT NULL,
  `about_first_paragraph` text DEFAULT NULL,
  `about_second_paragraph` text DEFAULT NULL,
  `about_list_item_1` text DEFAULT NULL,
  `about_list_item_2` text DEFAULT NULL,
  `about_list_item_3` text DEFAULT NULL,
  `read_more_link` varchar(255) DEFAULT NULL,
  `created_at` timestamp NULL DEFAULT NULL,
  `updated_at` timestamp NULL DEFAULT NULL
) ENGINE=InnoDB DEFAULT CHARSET=utf8mb4 COLLATE=utf8mb4_unicode_ci;

--
-- Dumping data for table `about`
--

INSERT INTO `about` (`id`, `about_image`, `years_experience`, `experience_text`, `about_title`, `about_main_heading`, `about_first_paragraph`, `about_second_paragraph`, `about_list_item_1`, `about_list_item_2`, `about_list_item_3`, `read_more_link`, `created_at`, `updated_at`) VALUES
(1, 'uploads/1747053201_about_image.png', 'DEVIS', 'EN LIGNE', 'Atelier de reprographie', 'Impression numérique du A6 au A0', '<span id=\"docs-internal-guid-be35bfb9-7fff-b088-89ba-f1d25ab02022\"><p dir=\"ltr\" style=\"line-height:1.38;margin-top:0pt;margin-bottom:12pt;\"><span id=\"docs-internal-guid-939734a1-7fff-1001-78e9-b2b957ca7072\"><span style=\"font-size: 11pt; font-family: Nunito, sans-serif; color: rgb(0, 0, 0); background-color: transparent; font-variant-numeric: normal; font-variant-east-asian: normal; font-variant-alternates: normal; font-variant-position: normal; font-variant-emoji: normal; vertical-align: baseline; white-space-collapse: preserve;\">Nous sommes heureux de vous annoncer une nouvelle étape dans l’histoire de notre imprimerie : nous avons changé de nom et emménagé dans de nouveaux locaux situés à CC des Terres de Millet à Saint-Didier-sous-Aubenas. Ce changement marque notre volonté de moderniser notre image, de nous rapprocher de nos clients et de renforcer notre engagement envers la qualité et le service.</span></span></p></span>', '<p dir=\"ltr\" style=\"margin-top: 12pt; margin-bottom: 12pt; line-height: 1.38;\"><span style=\"font-size: 11pt; font-family: Arial, sans-serif; color: rgb(0, 0, 0); background-color: transparent; font-variant-numeric: normal; font-variant-east-asian: normal; font-variant-alternates: normal; font-variant-position: normal; font-variant-emoji: normal; vertical-align: baseline; white-space-collapse: preserve;\">Notre nouvel espace, nous permet d’optimiser notre production et d’élargir notre offre de services. Grâce à des investissements dans des technologies d’impression plus performantes et respectueuses de l’environnement, nous sommes en mesure de répondre avec encore plus de réactivité et de précision à vos demandes.</span></p><p dir=\"ltr\" style=\"margin-top: 12pt; margin-bottom: 12pt; line-height: 1.38;\"><span style=\"font-size: 11pt; font-family: Arial, sans-serif; color: rgb(0, 0, 0); background-color: transparent; font-variant-numeric: normal; font-variant-east-asian: normal; font-variant-alternates: normal; font-variant-position: normal; font-variant-emoji: normal; vertical-align: baseline; white-space-collapse: preserve;\">Ce renouveau est aussi l’occasion pour nous de réaffirmer nos valeurs : proximité, fiabilité, professionnalisme et créativité. Nous remercions nos clients pour leur confiance continue et avons hâte de vous accueillir dans nos locaux. N’hésitez pas à venir nous rendre visite ou à nous contacter pour toute demande, notre équipe est à votre écoute.</span></p><div><span style=\"font-size: 11pt; font-family: Arial, sans-serif; color: rgb(0, 0, 0); background-color: transparent; font-variant-numeric: normal; font-variant-east-asian: normal; font-variant-alternates: normal; font-variant-position: normal; font-variant-emoji: normal; vertical-align: baseline; white-space-collapse: preserve;\"><br></span></div>', 'Atelier de reprographie', 'Atelier de risographie', 'Atelier d\'impression 3D', 'about', '2025-02-23 15:03:26', '2025-07-04 13:48:13');

-- --------------------------------------------------------

--
-- Table structure for table `activity_logs`
--

CREATE TABLE `activity_logs` (
  `id` bigint(20) UNSIGNED NOT NULL,
  `action` varchar(255) NOT NULL,
  `created_at` timestamp NULL DEFAULT NULL,
  `updated_at` timestamp NULL DEFAULT NULL
) ENGINE=InnoDB DEFAULT CHARSET=utf8mb4 COLLATE=utf8mb4_unicode_ci;

-- --------------------------------------------------------

--
-- Table structure for table `applications`
--

CREATE TABLE `applications` (
  `id` int(11) NOT NULL,
  `name` varchar(255) NOT NULL,
  `folder_name` varchar(255) NOT NULL,
  `is_active` tinyint(1) DEFAULT 0,
  `created_at` timestamp NULL DEFAULT current_timestamp(),
  `updated_at` timestamp NULL DEFAULT current_timestamp() ON UPDATE current_timestamp()
) ENGINE=InnoDB DEFAULT CHARSET=utf8mb3 COLLATE=utf8mb3_general_ci;

--
-- Dumping data for table `applications`
--

INSERT INTO `applications` (`id`, `name`, `folder_name`, `is_active`, `created_at`, `updated_at`) VALUES
(14, 'LayoutBC', 'layoutBC', 1, '2025-03-20 12:20:10', '2025-03-25 12:30:56'),
(22, 'PaymentSystems', 'PaymentSystems', 1, '2025-03-25 11:10:39', '2025-05-28 11:47:59'),
(23, 'PrintSystems', 'PrintSystems', 1, '2025-05-28 11:51:57', '2025-05-28 11:51:59');

-- --------------------------------------------------------

--
-- Table structure for table `body_slider`
--

CREATE TABLE `body_slider` (
  `id` bigint(20) UNSIGNED NOT NULL,
  `slider1_first_line` varchar(255) NOT NULL,
  `slider1_second_line` varchar(255) NOT NULL,
  `slider1_third_line` varchar(255) NOT NULL,
  `slider1_Paragraph` varchar(255) NOT NULL,
  `slider1_button_text` varchar(255) NOT NULL,
  `slider1_image` varchar(255) NOT NULL,
  `slider2_first_line` varchar(255) NOT NULL,
  `slider2_second_line` varchar(255) NOT NULL,
  `slider2_third_line` varchar(255) NOT NULL,
  `slider2_Paragraph` varchar(255) NOT NULL,
  `slider2_button_text` varchar(255) NOT NULL,
  `slider2_image` varchar(255) NOT NULL,
  `created_at` timestamp NULL DEFAULT NULL,
  `updated_at` timestamp NULL DEFAULT NULL
) ENGINE=InnoDB DEFAULT CHARSET=utf8mb4 COLLATE=utf8mb4_unicode_ci;

--
-- Dumping data for table `body_slider`
--

INSERT INTO `body_slider` (`id`, `slider1_first_line`, `slider1_second_line`, `slider1_third_line`, `slider1_Paragraph`, `slider1_button_text`, `slider1_image`, `slider2_first_line`, `slider2_second_line`, `slider2_third_line`, `slider2_Paragraph`, `slider2_button_text`, `slider2_image`, `created_at`, `updated_at`) VALUES
(1, 'Bienvenue', 'La P\'tite imprimerie', 'Aubenas', '1', 'Impression bureautique en ligne', 'uploads/1747052355_slider1.png', 'Ou nous retrouver ?', 'La P\'tite', 'imprimerie', '<p>Centre Commercial des, Chem. des Terres de Millet, 07200 Saint-Didier-sous-Aubenas</p>', 'Impression bureautique en ligne', 'uploads/1751286791_slider2.jpg', '2025-02-23 15:03:26', '2025-06-30 12:33:11');

-- --------------------------------------------------------

--
-- Table structure for table `brands`
--

CREATE TABLE `brands` (
  `id` bigint(20) UNSIGNED NOT NULL,
  `logo` varchar(255) DEFAULT NULL,
  `name` varchar(255) DEFAULT NULL,
  `created_at` timestamp NULL DEFAULT NULL,
  `updated_at` timestamp NULL DEFAULT NULL
) ENGINE=InnoDB DEFAULT CHARSET=utf8mb4 COLLATE=utf8mb4_unicode_ci;

--
-- Dumping data for table `brands`
--

INSERT INTO `brands` (`id`, `logo`, `name`, `created_at`, `updated_at`) VALUES
(10, 'uploads/1747995704_brand.png', NULL, '2025-05-23 10:21:44', '2025-05-23 10:21:44'),
(11, 'uploads/1748002268_brand.png', NULL, '2025-05-23 12:11:08', '2025-05-23 12:11:08'),
(12, 'uploads/1748002286_brand.png', NULL, '2025-05-23 12:11:12', '2025-05-23 12:11:26'),
(13, 'uploads/1748002301_brand.png', NULL, '2025-05-23 12:11:41', '2025-05-23 12:11:41'),
(16, 'uploads/1748266898_brand.png', NULL, '2025-05-26 13:41:38', '2025-05-26 13:41:38');

-- --------------------------------------------------------

--
-- Table structure for table `business_cards`
--

CREATE TABLE `business_cards` (
  `id` int(11) NOT NULL,
  `name` varchar(255) NOT NULL,
  `email` varchar(255) NOT NULL,
  `phone` varchar(50) NOT NULL,
  `company` varchar(255) NOT NULL,
  `created_at` timestamp NULL DEFAULT current_timestamp(),
  `updated_at` timestamp NULL DEFAULT current_timestamp() ON UPDATE current_timestamp()
) ENGINE=InnoDB DEFAULT CHARSET=utf8mb3 COLLATE=utf8mb3_general_ci;

-- --------------------------------------------------------

--
-- Table structure for table `cart_settings`
--

CREATE TABLE `cart_settings` (
  `id` int(10) UNSIGNED NOT NULL,
  `is_enabled` tinyint(1) NOT NULL DEFAULT 1,
  `created_at` timestamp NULL DEFAULT NULL,
  `updated_at` timestamp NULL DEFAULT NULL
) ENGINE=InnoDB DEFAULT CHARSET=utf8mb3 COLLATE=utf8mb3_general_ci;

--
-- Dumping data for table `cart_settings`
--

INSERT INTO `cart_settings` (`id`, `is_enabled`, `created_at`, `updated_at`) VALUES
(1, 1, NULL, '2025-06-23 14:26:15');

-- --------------------------------------------------------

--
-- Table structure for table `categories`
--

CREATE TABLE `categories` (
  `id` int(11) NOT NULL,
  `name` varchar(255) NOT NULL,
  `parent_id` int(11) DEFAULT NULL,
  `created_at` timestamp NULL DEFAULT current_timestamp(),
  `updated_at` timestamp NULL DEFAULT current_timestamp() ON UPDATE current_timestamp()
) ENGINE=InnoDB DEFAULT CHARSET=utf8mb3 COLLATE=utf8mb3_general_ci;

--
-- Dumping data for table `categories`
--

INSERT INTO `categories` (`id`, `name`, `parent_id`, `created_at`, `updated_at`) VALUES
(1, 'Impression A3', NULL, '2025-03-23 16:35:13', '2025-03-23 16:35:13'),
(2, 'Impression A4', NULL, '2025-03-23 16:35:27', '2025-03-23 16:35:27'),
(3, 'Impression A5', NULL, '2025-03-23 16:36:07', '2025-03-23 16:36:07'),
(4, 'Impression A6', NULL, '2025-03-23 16:36:19', '2025-03-23 16:36:19'),
(5, 'Réliure', NULL, '2025-03-23 16:37:10', '2025-05-14 12:33:35'),
(6, 'Plastification', NULL, '2025-03-23 16:37:24', '2025-03-23 16:37:24'),
(7, 'Spiral metalique', NULL, '2025-06-13 20:13:48', '2025-06-16 08:37:06'),
(8, 'Spiral Plastique', NULL, '2025-06-13 20:15:33', '2025-06-16 08:37:24');

-- --------------------------------------------------------

--
-- Table structure for table `clients`
--

CREATE TABLE `clients` (
  `id` bigint(20) UNSIGNED NOT NULL,
  `name` varchar(255) NOT NULL,
  `email` varchar(255) NOT NULL,
  `phone` varchar(255) NOT NULL,
  `address` text NOT NULL,
  `code_postal` varchar(255) NOT NULL,
  `commune` varchar(255) NOT NULL,
  `billing_same` tinyint(1) NOT NULL DEFAULT 1,
  `grand_total` decimal(10,2) DEFAULT NULL,
  `created_at` timestamp NULL DEFAULT NULL,
  `updated_at` timestamp NULL DEFAULT NULL
) ENGINE=InnoDB DEFAULT CHARSET=utf8mb4 COLLATE=utf8mb4_unicode_ci;

--
-- Dumping data for table `clients`
--

INSERT INTO `clients` (`id`, `name`, `email`, `phone`, `address`, `code_postal`, `commune`, `billing_same`, `grand_total`, `created_at`, `updated_at`) VALUES
(1, 'test new', 'dev@example.com', '23232323s', 'dfdfew3r343', '1212', 'e324432de', 0, NULL, '2025-03-12 12:50:50', '2025-03-12 12:50:50'),
(2, 'ISO Certification', 'dev@example.com', '+92 311 0976199', 'dfdfew3r343', '1212', 'e324432de', 0, NULL, '2025-03-12 12:53:10', '2025-03-12 12:53:10'),
(3, 'GOBILLOT ', 'nicolas.gobillot@gmail.com', '0613102271', '458c chemin de saint pierre', '07200', 'Saint Didier sous AUBENAS', 0, NULL, '2025-06-24 09:18:00', '2025-06-24 09:18:00'),
(4, 'TETST ', 'ejohns.ae@gmail.com', '1777477', 'uytyty', '07200', 'gtttggtgt', 0, NULL, '2025-06-24 10:18:32', '2025-06-24 10:18:32'),
(5, 'TETST ', 'ejohns.ae@gmail.com', '1777477', 'uytyty', '07200', 'gtttggtgt', 0, NULL, '2025-06-24 10:26:24', '2025-06-24 10:26:24'),
(6, 'TETST ', 'ejohns.ae@gmail.com', '1777477', 'uytyty', '07200', 'gtttggtgt', 0, NULL, '2025-06-24 10:29:11', '2025-06-24 10:29:11'),
(7, 'TETST ', 'ejohns.ae@gmail.com', '1777477', 'uytyty', '07200', 'gtttggtgt', 0, NULL, '2025-06-24 10:33:13', '2025-06-24 10:33:13'),
(8, 'TETST ', 'ejohns.ae@gmail.com', '1777477', 'uytyty', '07200', 'gtttggtgt', 0, NULL, '2025-06-24 10:34:08', '2025-06-24 10:34:08'),
(9, 'TETST ', 'ejohns.ae@gmail.com', '1777477', 'uytyty', '07200', 'gtttggtgt', 0, NULL, '2025-06-24 10:41:23', '2025-06-24 10:41:23'),
(10, 'TETST ', 'ejohns.ae@gmail.com', '1777477', 'uytyty', '07200', 'gtttggtgt', 0, NULL, '2025-06-24 10:45:49', '2025-06-24 10:45:49'),
(11, 'TETST ', 'ejohns.ae@gmail.com', '1777477', 'uytyty', '07200', 'gtttggtgt', 0, NULL, '2025-06-24 10:51:44', '2025-06-24 10:51:44'),
(12, 'TETST ', 'ejohns.ae@gmail.com', '1777477', 'uytyty', '07200', 'gtttggtgt', 0, NULL, '2025-06-24 10:54:45', '2025-06-24 10:54:45'),
(13, 'TETST ', 'ejohns.ae@gmail.com', '1777477', 'uytyty', '07200', 'gtttggtgt', 0, NULL, '2025-06-24 10:57:05', '2025-06-24 10:57:05'),
(14, 'TETST ', 'ejohns.ae@gmail.com', '1777477', 'uytyty', '07200', 'gtttggtgt', 0, NULL, '2025-06-24 12:03:01', '2025-06-24 12:03:01'),
(15, 'GOBILLOT Nicolas', 'nicolas.gobillot@gmail.com', '0613102271', '458c Chemin de Saint-Pierre', '07200', 'Saint-Didier-sous-Aubenas', 0, NULL, '2025-06-24 12:03:58', '2025-06-24 12:03:58'),
(16, 'GOBILLOT Nicolas', 'nicolas.gobillot@gmail.com', '0613102271', '458c Chemin de Saint-Pierre', '07200', 'Saint-Didier-sous-Aubenas', 0, NULL, '2025-06-24 12:05:43', '2025-06-24 12:05:43'),
(17, 'TETST ', 'ejohns.ae@gmail.com', '1777477', 'uytyty', '07200', 'gtttggtgt', 0, NULL, '2025-06-24 12:16:45', '2025-06-24 12:16:45'),
(18, 'Muzmmal Hussain', 'pkinfovision@gmail.com', '03079701388', 'mazjid gulzar-a-madina streat number 2 Multan Road, Chung, Pakistan', '53800', 'Chung', 0, NULL, '2025-06-24 12:22:30', '2025-06-24 12:22:30'),
(19, 'Waqar Zafar', 'waqarulzafar@gmail.com', '1029019201', 'sasasasa', '40100', 'Sargodha', 0, NULL, '2025-06-24 21:58:25', '2025-06-24 21:58:25'),
(20, 'Waqar Zafar', 'waqarulzafar@gmail.com', '1029019201', 'sasasasa', '40100', 'Sargodha', 0, NULL, '2025-06-24 22:01:25', '2025-06-24 22:01:25'),
(21, 'TETST ', 'raza.emitynn@gmail.com', '1777477', 'uytyty', '07200', 'gtttggtgt', 0, NULL, '2025-06-25 09:06:18', '2025-06-25 09:06:18'),
(23, 'TETST ', 'raza.emitynn@gmail.com', '1777477', 'uytyty', '07200', 'gtttggtgt', 0, NULL, '2025-06-25 09:13:28', '2025-06-25 09:13:28'),
(24, 'TETST ', 'raza.emitynn@gmail.com', '1777477', 'uytyty', '07200', 'gtttggtgt', 0, NULL, '2025-06-25 09:13:57', '2025-06-25 09:13:57'),
(26, 'TETST ', 'raza.emitynn@gmail.com', '1777477', 'uytyty', '07200', 'gtttggtgt', 0, NULL, '2025-06-25 09:22:44', '2025-06-25 09:22:44'),
(27, 'TETST ', 'raza.emitynn@gmail.com', '1777477', 'uytyty', '07200', 'gtttggtgt', 0, NULL, '2025-06-25 09:25:27', '2025-06-25 09:25:27'),
(28, 'TETST ', 'raza.emitynn@gmail.com', '1777477', 'uytyty', '07200', 'gtttggtgt', 0, NULL, '2025-06-25 09:27:42', '2025-06-25 09:27:42'),
(29, 'TETST ', 'raza.emitynn@gmail.com', '1777477', 'uytyty', '07200', 'gtttggtgt', 0, NULL, '2025-06-25 09:33:36', '2025-06-25 09:33:36'),
(31, 'Muzmmal Hussain', 'ropiw57129@coasah.com', '03079701388', 'mazjid gulzar-a-madina streat number 2 Multan Road, Chung, Pakistan', '53800', 'Chung', 0, NULL, '2025-06-25 11:20:18', '2025-06-25 11:20:18'),
(43, 'test 32520', 'raza.emitynn@gmail.com', '0741258', 'TEST adresse', '07200', 'ville', 0, NULL, '2025-06-25 14:21:33', '2025-06-25 14:21:33'),
(47, 'Waqar Zafar', 'waqarulzafar@gmail.com', '03084969514', 'asassaas', '40100', 'Sargodha', 0, NULL, '2025-06-25 17:26:39', '2025-06-25 17:26:39'),
(48, 'Waqar Zafar', 'waqarulzafar@gmail.com', '1212121221', 'wksajksj', '40100', 'Sargodha', 0, NULL, '2025-06-25 19:16:44', '2025-06-25 19:16:44'),
(52, 'Waqar Zafar', 'waqarulzafar@gmail.com', '12121212', 'sasasasa', '40100', 'Sargodha', 0, NULL, '2025-06-25 19:24:39', '2025-06-25 19:24:39'),
(53, 'Waqar Zafar', 'waqarulzafar@gmail.com', '1212121221', 'sasasasasa', '40100', 'Sargodha', 0, NULL, '2025-06-25 19:28:53', '2025-06-25 19:28:53'),
(54, 'Waqar Zafar', 'waqarulzafar@gmail.com', '03084969514', 'sasaas', '40100', 'Sargodha', 0, NULL, '2025-06-25 19:34:43', '2025-06-25 19:34:43'),
(55, 'Waqar Zafar', 'waqarulzafar@gmail.com', '121212', 'waqar', '40100', 'Sargodha', 0, NULL, '2025-06-25 19:46:02', '2025-06-25 19:46:02'),
(56, 'Waqar Zafar', 'waqarulzafar@gmail.com', '121211221', 'asasasas', '40100', 'Sargodha', 0, NULL, '2025-06-25 19:51:49', '2025-06-25 19:51:49'),
(57, 'test fzeee', 'eltynn@applielvent.com', '0741258', 'TEST adresse', '07200', 'ville', 0, NULL, '2025-06-25 19:53:12', '2025-06-25 19:53:12'),
(58, 'test 3252', 'eltynn@applielvent.com', '0741258', 'TEST adresse', '07200', 'ville', 0, NULL, '2025-06-25 20:08:45', '2025-06-25 20:08:45'),
(59, 'Waqar Zafar', 'waqarulzafar@gmail.com', '21212', 'sasas', '40100', 'sasas', 0, NULL, '2025-06-26 00:14:47', '2025-06-26 00:14:47'),
(60, 'El\'tynn ', 'applielvent.eurl@gmail.com', '0475693669', '360', '07200', 'Aubenas', 0, NULL, '2025-06-26 05:43:44', '2025-06-26 05:43:44'),
(62, 'TEST 02', 'eltynn@applielvent.com', '0741258', 'TEST adresse', '07200', 'ville', 0, NULL, '2025-06-27 06:17:53', '2025-06-27 06:17:53'),
(63, 'test 3252', 'raza.emitynn@gmail.com', '0741258', 'TEST adresse', '07200', 'ville', 0, NULL, '2025-06-27 13:56:51', '2025-06-27 13:56:51'),
(64, 'Abdul Haseeb', 'asd@asd.com', 'asdasdas', 'ahsdjaksd asd', 'sadasd', 'asdasd', 0, NULL, '2025-06-27 19:09:22', '2025-06-27 19:09:22'),
(65, 'Abdul Haseebasd', 'dasdasd@ads.cim', 'adsas', 'asdasdas', 'dasdasd', 'asdasd', 0, NULL, '2025-06-27 19:19:25', '2025-06-27 19:19:25'),
(66, 'asdasd ', 'asdasd@asd.com', 'asdasd', 'asdasd', 'sadsad', 'asd', 0, NULL, '2025-06-27 19:22:36', '2025-06-27 19:22:36'),
(67, 'Abdul Haseeb', 'A@a.com', '03013286122', 'House No.104-B, Qazi Muhalla, Tando Ghulam Ali, District Badin, Sindh', '72050', 'Hyderabad', 0, NULL, '2025-06-28 11:05:43', '2025-06-28 11:05:43'),
(68, 'eltynn ', 'eltynn@applielvent.com', '06152652', 'adresse', '07200', 'ville', 0, NULL, '2025-06-28 11:20:48', '2025-06-28 11:20:48'),
(69, 'eltynn ', 'eltynn@applielvent.com', '06152652', 'adresse', '07200', 'ville', 0, NULL, '2025-06-28 11:28:01', '2025-06-28 11:28:01'),
(70, 'Abdul Haseeb', 'a@a.com', '03150663915', 'House No.104B, Qazi Muhalla, Tando Ghulam Ali', '72050', 'Hyderabad', 0, NULL, '2025-06-28 11:31:44', '2025-06-28 11:31:44'),
(71, 'Waqar Zafar', 'waqarulzafar@gmail.com', '03084969513', 'assasa', '40100', 'Sargodha', 0, NULL, '2025-06-28 13:36:55', '2025-06-28 13:36:55'),
(72, 'eltynn ', 'eltynn@applielvent.com', '06152652', 'adresse', '07200', 'ville', 0, NULL, '2025-06-28 13:59:39', '2025-06-28 13:59:39'),
(73, 'eltynn ', 'eltynn@applielvent.com', '06152652', 'adresse', '07200', 'ville', 0, NULL, '2025-06-28 14:00:54', '2025-06-28 14:00:54'),
(74, 'eltynn ', 'eltynn@applielvent.com', '06152652', 'adresse', '07200', 'ville', 0, NULL, '2025-06-28 14:08:01', '2025-06-28 14:08:01'),
(75, 'eltynn ', 'eltynn@applielvent.com', '06152652', 'adresse', '07200', 'ville', 0, NULL, '2025-06-28 16:45:04', '2025-06-28 16:45:04'),
(76, 'eltynn ', 'eltynn@applielvent.com', '06152652', 'adresse', '07200', 'ville', 0, NULL, '2025-06-28 17:18:55', '2025-06-28 17:18:55'),
(77, 'eltynn ', 'eltynn@applielvent.com', '06152652', 'adresse', '07200', 'ville', 0, NULL, '2025-06-28 17:22:21', '2025-06-28 17:22:21'),
(78, 'eltynn ', 'eltynn@applielvent.com', '06152652', 'adresse', '07200', 'ville', 0, NULL, '2025-06-28 17:33:39', '2025-06-28 17:33:39'),
(79, 'eltynn ', 'eltynn@applielvent.com', '06152652', 'adresse', '07200', 'ville', 0, NULL, '2025-06-28 18:21:25', '2025-06-28 18:21:25'),
(80, 'Waqar Zafar', 'waqarulzafar@gmail.com', '1212122121', 'sasasa', '40100', 'Sargodha', 0, NULL, '2025-06-28 19:17:15', '2025-06-28 19:17:15'),
(81, 'Waqar Zafar', 'waqarulzafar@gmail.com', '1212122112', 'sassa', '40100', 'Sargodha', 0, NULL, '2025-06-28 19:17:56', '2025-06-28 19:17:56'),
(82, 'Abdul Haseeb', 'devmatesolution@gmail.com', '03150663915', 'House No.104-B, Qazi Muhalla, Tando Ghulam Ali, District Badin, Sindh', '72050', 'Hyderabad', 0, NULL, '2025-06-29 05:17:14', '2025-06-29 05:17:14'),
(83, 'Abdul Haseeb', 'devmatesolution@gmail.com', '03150663915', 'House No.104B, Qazi Muhalla, Tando Ghulam Ali', '72050', 'Hyderabad', 0, NULL, '2025-06-29 05:22:08', '2025-06-29 05:22:08'),
(84, 'Abdul Haseeb', 'devmatesolution@gmail.com', '03150663915', 'House No.104B, Qazi Muhalla, Tando Ghulam Ali', '72050', 'Hyderabad', 0, NULL, '2025-06-29 05:23:48', '2025-06-29 05:23:48'),
(85, 'Abdul Haseeb', 'devmatesolution@gmail.com', '03150663915', 'House No.104B, Qazi Muhalla, Tando Ghulam Ali', '72050', 'Hyderabad', 0, NULL, '2025-06-29 05:26:30', '2025-06-29 05:26:30'),
(104, 'Chloé ', 'galia.chloe@gmail.com', '54518151', '600 Chemin de Veyras', '07200', 'Lachapelle-sous-Aubenas', 0, NULL, '2025-07-01 07:36:03', '2025-07-01 07:36:03'),
(105, 'Chloé ', 'galia.chloe@gmail.com', '845484545', '600 Chemin de Veyras', '07200', 'Lachapelle-sous-Aubenas', 0, NULL, '2025-07-01 08:05:05', '2025-07-01 08:05:05'),
(106, 'Chloé ', 'galia.chloe@gmail.com', '548151815', '600 Chemin de Veyras', '07200', 'Lachapelle-sous-Aubenas', 0, NULL, '2025-07-01 08:08:53', '2025-07-01 08:08:53'),
(107, 'tess 01 juillet', 'eltynn@applilevent.com', '07452632', 'addd', '07200', 'vill', 0, NULL, '2025-07-01 12:19:21', '2025-07-01 12:19:21'),
(108, 'tess 01 juillet', 'eltynn@applilevent.com', '07452632', 'addd', '07200', 'vill', 0, NULL, '2025-07-01 12:20:13', '2025-07-01 12:20:13'),
(109, 'tess 01 juillet', 'eltynn@applielvent.com', '07452632', 'addd', '07200', 'vill', 0, NULL, '2025-07-01 12:20:34', '2025-07-01 12:20:34'),
(110, 'tess 01 juillet', 'eltynn@applielvent.com', '07452632', 'addd', '07200', 'vill', 0, NULL, '2025-07-01 12:23:46', '2025-07-01 12:23:46'),
(111, 'tess 01 juillet', 'eltynn@applielvent.com', '07452632', 'addd', '07200', 'vill', 0, NULL, '2025-07-01 12:28:00', '2025-07-01 12:28:00'),
(112, 'tess 01 juillet', 'eltynn@applielvent.com', '07452632', 'addd', '07200', 'vill', 0, NULL, '2025-07-01 12:43:45', '2025-07-01 12:43:45'),
(113, 'tess 02 juillet', 'eltynn@applielvent.com', '07452632', 'addd', '07200', 'vill', 0, NULL, '2025-07-02 07:35:17', '2025-07-02 07:35:17'),
(114, 'GOBILLOT Nicolas', 'nicolas.gobillot@gmail.com', '0613102271', '458c Chemin de Saint-Pierre', '07200', 'Saint-Didier-sous-Aubenas', 0, NULL, '2025-07-02 09:41:49', '2025-07-02 09:41:49'),
(115, 'Test 02 JUILLET', 'eltynn@applielvent.com', '012333654', 'aDRESS', '07200', 'VILLE', 0, NULL, '2025-07-02 16:51:26', '2025-07-02 16:51:26'),
(116, 'Test 02 JUILLET', 'eltynn@applielvent.com', '012233666', 'aDRESS', '07200', 'VILLE', 0, NULL, '2025-07-02 16:53:07', '2025-07-02 16:53:07'),
(117, 'Test night', 'eltynn@applielvent.com', '012333333', 'Adresse', '07200', 'City', 0, NULL, '2025-07-02 18:35:03', '2025-07-02 18:35:03'),
(118, 'GOBILLOT Nicolas', 'nicolas.gobillot@gmail.com', '0613102271', '458c Chemin de Saint-Pierre', '07200', 'Saint-Didier-sous-Aubenas', 0, NULL, '2025-07-03 13:22:08', '2025-07-03 13:22:08'),
(119, 'GOBILLOT Nicolas', 'nicolas.gobillot@gmail.com', '0613102271', '458c Chemin de Saint-Pierre', '07200', 'Saint-Didier-sous-Aubenas', 0, NULL, '2025-07-03 13:28:49', '2025-07-03 13:28:49'),
(120, 'Facere quia ut earum', 'ropiw57129@coasah.com', '+1 (938) 376-1698', 'Odit voluptatem numq', 'Doloremque laborum e', 'Pariatur Soluta et', 0, NULL, '2025-07-04 05:55:24', '2025-07-04 05:55:24'),
(121, 'Nihil sed quaerat as', 'veryqav@mailinator.com', '+1 (113) 331-2401', 'Quas ipsa dolorem q', 'Quia voluptatem nisi', 'Quia odio accusantiu', 0, NULL, '2025-07-04 06:13:35', '2025-07-04 06:13:35'),
(122, 'Roux ', 'olivier.carleroux@hotmail.fr', '0688855495', '322 Chastagnier Farde', '07600', 'LABASTIDE SUR BESORGUES', 0, NULL, '2025-07-04 06:52:28', '2025-07-04 06:52:28'),
(123, 'Waqar Zafar', 'waqarulzafar@gmail.com', '121212', 'asasas', '40100', 'Sargodha', 0, NULL, '2025-07-05 20:04:42', '2025-07-05 20:04:42'),
(124, 'Waqar Zafar', 'waqarulzafar@gmail.com', '03084969514', 'asas', '40100', 'Sargodha', 0, NULL, '2025-07-05 20:23:18', '2025-07-05 20:23:18'),
(125, 'TEST ', 'eltynn@applielvent.com', '0147852', 'adress', '07200', 'ville', 0, NULL, '2025-07-05 20:24:36', '2025-07-05 20:24:36'),
(126, 'Waqar Zafar', 'waqarulzafar@gmail.com', '03084969514', 'sasasa', '40100', 'Sargodha', 0, NULL, '2025-07-05 23:35:01', '2025-07-05 23:35:01'),
(127, 'TEST dim', 'eltynn@applielvent.com', '0147852', 'adress', '07200', 'ville', 0, NULL, '2025-07-06 05:03:39', '2025-07-06 05:03:39'),
(128, 'TEST dim 2', 'eltynn@applielvent.com', '0147852', 'adress', '07200', 'ville', 0, NULL, '2025-07-06 05:07:57', '2025-07-06 05:07:57');

-- --------------------------------------------------------

--
-- Table structure for table `clients_2`
--

CREATE TABLE `clients_2` (
  `id` int(11) NOT NULL,
  `nom` varchar(255) NOT NULL,
  `email` varchar(255) NOT NULL,
  `created_at` timestamp NULL DEFAULT current_timestamp(),
  `updated_at` timestamp NULL DEFAULT current_timestamp() ON UPDATE current_timestamp()
) ENGINE=InnoDB DEFAULT CHARSET=utf8mb3 COLLATE=utf8mb3_general_ci;

--
-- Dumping data for table `clients_2`
--

INSERT INTO `clients_2` (`id`, `nom`, `email`, `created_at`, `updated_at`) VALUES
(1, 'Client One', 'client1@example.com', '2025-03-23 20:27:58', '2025-03-23 20:27:58'),
(2, 'Client Two', 'client2@example.com', '2025-03-23 20:27:58', '2025-03-23 20:27:58');

-- --------------------------------------------------------

--
-- Table structure for table `cookie_consents`
--

CREATE TABLE `cookie_consents` (
  `id` bigint(20) UNSIGNED NOT NULL,
  `enable` enum('yes','no') DEFAULT 'no',
  `style` enum('Full width','Minimal') DEFAULT 'Full width',
  `message` varchar(400) DEFAULT NULL,
  `button_text` varchar(255) DEFAULT NULL,
  `learn_more_url` varchar(255) DEFAULT NULL,
  `learn_more_text` varchar(255) DEFAULT NULL,
  `background_color` varchar(50) DEFAULT NULL,
  `text_color` varchar(50) DEFAULT NULL,
  `max_width` int(11) DEFAULT 1170,
  `show_reject_button` enum('yes','no') DEFAULT 'no',
  `show_customize_button` enum('yes','no') DEFAULT 'no',
  `created_at` timestamp NULL DEFAULT NULL,
  `updated_at` timestamp NULL DEFAULT NULL
) ENGINE=InnoDB DEFAULT CHARSET=utf8mb4 COLLATE=utf8mb4_unicode_ci;

--
-- Dumping data for table `cookie_consents`
--

INSERT INTO `cookie_consents` (`id`, `enable`, `style`, `message`, `button_text`, `learn_more_url`, `learn_more_text`, `background_color`, `text_color`, `max_width`, `show_reject_button`, `show_customize_button`, `created_at`, `updated_at`) VALUES
(1, 'yes', 'Full width', 'ici', 'd\'accord', '#', NULL, '#ee1111', '#ffffff', 1170, 'no', 'no', '2025-07-03 10:04:09', '2025-07-03 10:08:44');

-- --------------------------------------------------------

--
-- Table structure for table `cta`
--

CREATE TABLE `cta` (
  `id` bigint(20) UNSIGNED NOT NULL,
  `background_image` varchar(255) DEFAULT NULL,
  `heading_1` varchar(255) DEFAULT NULL,
  `heading_2` varchar(255) DEFAULT NULL,
  `button_text` varchar(255) DEFAULT NULL,
  `button_link` varchar(255) DEFAULT NULL,
  `created_at` timestamp NULL DEFAULT NULL,
  `updated_at` timestamp NULL DEFAULT NULL
) ENGINE=InnoDB DEFAULT CHARSET=utf8mb4 COLLATE=utf8mb4_unicode_ci;

--
-- Dumping data for table `cta`
--

INSERT INTO `cta` (`id`, `background_image`, `heading_1`, `heading_2`, `button_text`, `button_link`, `created_at`, `updated_at`) VALUES
(1, 'frontend/img/bg/cta_bg02.png', 'Nos Offres', 'Essayez notre impression en ligne', 'Passez votre commande', 'upload', '2025-02-23 15:03:26', '2025-05-27 13:17:53');

-- --------------------------------------------------------

--
-- Table structure for table `ecommerce_seos`
--

CREATE TABLE `ecommerce_seos` (
  `id` bigint(20) UNSIGNED NOT NULL,
  `products_title` varchar(255) DEFAULT NULL,
  `products_description` text DEFAULT NULL,
  `order_tracking_title` varchar(255) DEFAULT NULL,
  `order_tracking_description` text DEFAULT NULL,
  `cart_title` varchar(255) DEFAULT NULL,
  `cart_description` text DEFAULT NULL,
  `wishlist_title` varchar(255) DEFAULT NULL,
  `wishlist_description` text DEFAULT NULL,
  `compare_title` varchar(255) DEFAULT NULL,
  `compare_description` text DEFAULT NULL,
  `created_at` timestamp NULL DEFAULT NULL,
  `updated_at` timestamp NULL DEFAULT NULL
) ENGINE=InnoDB DEFAULT CHARSET=utf8mb4 COLLATE=utf8mb4_unicode_ci;

--
-- Dumping data for table `ecommerce_seos`
--

INSERT INTO `ecommerce_seos` (`id`, `products_title`, `products_description`, `order_tracking_title`, `order_tracking_description`, `cart_title`, `cart_description`, `wishlist_title`, `wishlist_description`, `compare_title`, `compare_description`, `created_at`, `updated_at`) VALUES
(1, 'services', 'servoce', NULL, NULL, NULL, NULL, NULL, NULL, NULL, NULL, '2025-07-03 10:12:09', '2025-07-03 10:26:50');

-- --------------------------------------------------------

--
-- Table structure for table `emails`
--

CREATE TABLE `emails` (
  `id` int(11) NOT NULL,
  `sender_email` varchar(255) NOT NULL,
  `recipient_email` varchar(255) NOT NULL,
  `subject` varchar(255) NOT NULL,
  `message` text NOT NULL,
  `status` enum('received','sent','draft','trash') DEFAULT 'received',
  `created_at` timestamp NULL DEFAULT current_timestamp(),
  `updated_at` timestamp NULL DEFAULT current_timestamp() ON UPDATE current_timestamp()
) ENGINE=InnoDB DEFAULT CHARSET=utf8mb3 COLLATE=utf8mb3_general_ci;

--
-- Dumping data for table `emails`
--

INSERT INTO `emails` (`id`, `sender_email`, `recipient_email`, `subject`, `message`, `status`, `created_at`, `updated_at`) VALUES
(1, 'client@email.com', 'admin@tonsite.com', 'Commande #12345', 'Bonjour, je souhaite passer une commande.', 'received', '2025-03-17 09:38:01', '2025-03-17 09:38:01'),
(2, 'ejohns@gmail.com', 'raza.emitynn@gmail.com', 'test', 'test', 'sent', '2025-03-17 10:09:34', '2025-03-17 10:09:34'),
(3, 'eltynn@applielvent.com', 'ejohns@gmail.com', 'Test', 'Tesyy 3', 'received', '2025-03-17 10:10:51', '2025-03-17 10:10:51'),
(4, 'ejohns.ae@gmail.com', 'ejohns@gmail.com', 'test 23', 'Hola', 'received', '2025-03-17 10:21:38', '2025-03-17 10:21:38'),
(5, 'ejohns.ae@gmail.com', 'ejohns@gmail.com', 'test 24', 'ressss', 'trash', '2025-03-17 10:38:37', '2025-03-17 10:46:00'),
(6, 'client@email.com', 'admin@tonsite.com', 'Nouvelle commande', 'Bonjour, je veux passer une commande.', 'received', '2025-03-17 10:45:44', '2025-03-17 10:45:44'),
(7, 'ejohns.ae@gmail.com', 'ejohns@gmail.com', 'test 25', 'Yesuus', 'received', '2025-03-17 10:53:22', '2025-03-17 10:53:22'),
(8, 'ejohns.ae@gmail.com', 'ejohns@gmail.com', 'test 26', 'azeedezfzd', 'received', '2025-03-17 10:57:34', '2025-03-17 10:57:34'),
(9, 'ejohns.ae@gmail.com', 'ejohns@gmail.com', 'Tetstsy', 'uhirhieneiofencioneiocner', 'received', '2025-03-19 08:32:18', '2025-03-19 08:32:18'),
(10, 'kimigirl2fly@hotmail.com', 'admin@example.com', 'Impression en format A3', 'Bonjour \r\nJ\'aimerais savoir si vous imprimez des fichiers acheter en numérique sur internet, en format A3 et surtout en couleur doré (or) et à quel prix?\r\nMerci \r\nA bientôt', 'received', '2025-06-18 19:54:44', '2025-06-18 19:54:44'),
(11, 'kimigirl2fly@hotmail.com', 'admin@example.com', 'Impression en format A3', 'Bonjour \r\nJ\'aimerais savoir si vous imprimez des fichiers acheter en numérique sur internet, en format A3 et surtout en couleur doré (or) et à quel prix?\r\nMerci \r\nA bientôt', 'received', '2025-06-18 19:55:02', '2025-06-18 19:55:02'),
(12, 'delphine.fourmond22@orange.fr', 'nepasrepondre@laptiteimprimerie.fr', 'Oublié téléphone chez vous', 'Bonjour, j’ai oublié mon téléphone chez vous tout à l’heure à 18h15, j étais la dernière cliente je vous avais envoyé un mail pour imprimer, je l’ai laissé sur le comptoir. Pouvez vous me contacter au 0676878370 pour me prévenir dès votre ouverture et le mettre de côté. Cordialement', 'received', '2025-07-04 19:34:35', '2025-07-04 19:34:35'),
(13, 'wheretohygge@gmail.com', 'nepasrepondre@laptiteimprimerie.fr', 'Calendriers', 'Bonjour, eu début d\'un projet de calendrier pour l\'année 2026, je cherche à connaitre les options possible pour les imprimer. Venant de la région je préfère choisir local.\r\nAvez vous peut etre un catalogue d\'options correspondantes ? \r\n\r\nMerci d\'avance\r\nLoic', 'received', '2025-07-06 13:39:49', '2025-07-06 13:39:49'),
(14, 'christiebroche@gmail.com', 'nepasrepondre@laptiteimprimerie.fr', 'devis carte visite', 'Bonjour, \r\nJ\'aimerai un devis pour 500 cartes de visite.\r\nJe peux passer les chercher à St Didier, quel serai le délais ? \r\nJ\'ai également besoin d\'une bâche souple pour mettre sur ma table sur les marchés, qu\'est-ce que vous avez comme produit à me proposer ? \r\nBonne journée,\r\nChristie Broche', 'received', '2025-07-07 10:58:23', '2025-07-07 10:58:23');

-- --------------------------------------------------------

--
-- Table structure for table `failed_jobs`
--

CREATE TABLE `failed_jobs` (
  `id` bigint(20) UNSIGNED NOT NULL,
  `uuid` varchar(255) NOT NULL,
  `connection` text NOT NULL,
  `queue` text NOT NULL,
  `payload` longtext NOT NULL,
  `exception` longtext NOT NULL,
  `failed_at` timestamp NOT NULL DEFAULT current_timestamp()
) ENGINE=InnoDB DEFAULT CHARSET=utf8mb4 COLLATE=utf8mb4_unicode_ci;

-- --------------------------------------------------------

--
-- Table structure for table `faqs`
--

CREATE TABLE `faqs` (
  `id` bigint(20) UNSIGNED NOT NULL,
  `question` varchar(255) NOT NULL,
  `answer` text NOT NULL,
  `order` int(11) DEFAULT 0,
  `side` enum('left','right') DEFAULT 'left',
  `created_at` timestamp NULL DEFAULT NULL,
  `updated_at` timestamp NULL DEFAULT NULL
) ENGINE=InnoDB DEFAULT CHARSET=utf8mb3 COLLATE=utf8mb3_general_ci;

--
-- Dumping data for table `faqs`
--

INSERT INTO `faqs` (`id`, `question`, `answer`, `order`, `side`, `created_at`, `updated_at`) VALUES
(1, 'Puis-je venir avec ma clé USB pour imprimer mes fichiers ?', 'Oui, bien sûr. Il vous suffit de vous présenter à l\'accueil avec votre clé USB. Un membre de notre équipe vous guidera pour ouvrir vos fichiers et lancer l\'impression.', 1, 'left', '2025-05-15 11:30:04', '2025-05-20 12:22:40'),
(3, 'Est-il possible d\'envoyer mes fichiers par mail pour impression ?', 'Oui, vous pouvez nous envoyer vos fichiers directement par e-mail à l\'adresse suivante : contact@laptiteimprimerie.fr', 3, 'left', '2025-05-16 07:46:23', '2025-05-21 07:27:02'),
(4, 'Quels sont les formats acceptés pour l\'impression ?', 'Nous acceptons les formats suivants : \r\nPDF\r\nImages : .jpg, .tiff, .eps (Illustrator)\r\nDocuments bureautiques : Word (.doc/.docx), PowerPoint (.ppt/.pptx), Excel (.xls/.xlsx), Publisher (.pub)', 7, 'left', '2025-05-16 07:46:50', '2025-05-21 07:28:09'),
(5, 'Quels sont les délais d\'impression ?', 'Photocopies et impressions simples : traitement instantané en boutique.\r\nProjets plus complexes (création, mise en page, formats spéciaux, grandes quantités) : les délais varient selon la charge de travail en cours et les spécificités de votre projet. Une estimation de délai vous sera fourni lors de la prise en charge.', 5, 'left', '2025-05-16 07:47:13', '2025-05-21 07:27:41'),
(6, 'Puis-je avoir un accès à Internet pour télécharger ou modifier mes documents ?', 'Oui, un poste informatique est mis à votre disposition pour : \r\nTélécharger un document depuis votre boîte mail ou une plateforme en ligne.\r\nEffectuer des modifications (CV, lettre de motivation) grâce aux logiciels bureautiques installés.', 9, 'left', '2025-05-16 07:47:57', '2025-05-23 12:35:45'),
(7, 'Quels sont les moyens de paiement acceptés ?', 'Nous acceptons plusieurs moyens de paiement : Carte bancaire, espèces ou chèque.', 4, 'right', '2025-05-16 07:48:30', '2025-05-21 07:27:21'),
(8, 'Je souhaite créer un projet, pouvez-vous vous charger de la création graphique ?', 'Oui, nous pouvons vous accompagner dans la conception de vos projets : flyers, carte de visite, affiches etc. N\'hésitez pas à venir nous expliquer vos idées, et nous établirons un devis personnalisé.', 10, 'right', '2025-05-16 07:49:14', '2025-05-21 07:28:56'),
(9, 'Puis-je imprimer directement depuis mon téléphone ?', 'Oui, vous pouvez imprimer vos documents directement depuis votre téléphone. Il suffit de nous envoyer le fichier depuis notre site Internet et de venir le récupérer directement en boutique.', 2, 'right', '2025-05-16 07:49:42', '2025-05-20 12:23:02'),
(11, 'Proposez-vous des finitions comme l\'agraphage, la reliure ou le pliage ?', 'Oui, nous proposons plusieurs types de finitions pour répondre à vos besoins : \r\nAgraphages, plastification et reliure (plusieurs options sont disponibles selon le rendu souhaité : spirale plastique, anneaux métalliques, baguette de reliure et thermo-reliure)', 11, 'left', '2025-05-16 07:50:51', '2025-05-23 12:36:10'),
(12, 'Quel type de grammage est utilisé pour imprimer mes documents ?', 'Par défaut, vos documents sont imprimés sur du papier 80 g/m², idéal pour les impressions classiques.\r\nSi vous souhaitez un grammage supérieur (100 g/m², 160 g/m², 200 g/m² ou plus), c\'est tout à fait possible, mais cela entraîne un coût supplémentaire. Il est préférable de nous consulter en boutique pour connaître les options disponibles et les tarifs associés selon le type de papier.', 12, 'right', '2025-05-16 07:51:28', '2025-05-21 07:29:22'),
(13, 'Pouvez-vous retoucher des photos ?', 'Oui, nous proposons un service de retouche photo (corrections de lumière, recadrage, suppression d\'éléments, amélioration de la qualité, etc.) \r\nCe service étant sur-mesure, nous vous invitons à vous rendre en boutique pour discuter de vos besoins avec un membre de notre équipe. Un devis personnalisé pourra vous être proposé en fonction du temps de traitement nécessaire.', 8, 'right', '2025-05-20 09:47:07', '2025-05-23 12:35:34'),
(14, 'Quels sont les tarifs d\'impression ?', 'Nos tarifs varient en fonction de plusieurs critères : \r\nType d\'impression : noir et blanc ou couleur \r\nFormat : A4, A3, grand format etc\r\nSupport utilisé : papier standard, papier photo\r\nVolume d\'impression : tarifs dégressifs selon la quantité\r\nFinitions : reliure, plastification, agraphage', 6, 'right', '2025-05-20 09:52:37', '2025-06-16 14:18:15');

-- --------------------------------------------------------

--
-- Table structure for table `files`
--

CREATE TABLE `files` (
  `id` bigint(20) UNSIGNED NOT NULL,
  `order_id` bigint(20) UNSIGNED NOT NULL,
  `file_path` varchar(255) NOT NULL,
  `num_pages` int(11) DEFAULT NULL,
  `copies` int(11) NOT NULL DEFAULT 1,
  `price` decimal(10,2) DEFAULT NULL,
  `impression` enum('color','black_white','mixed') NOT NULL,
  `orientation` enum('portrait','landscape') NOT NULL,
  `size` enum('A4','A3') NOT NULL,
  `front_back` tinyint(1) NOT NULL DEFAULT 0,
  `binding` tinyint(1) NOT NULL DEFAULT 0,
  `binding_type` varchar(255) DEFAULT NULL,
  `file_size` varchar(255) DEFAULT NULL,
  `created_at` timestamp NULL DEFAULT NULL,
  `updated_at` timestamp NULL DEFAULT NULL
) ENGINE=InnoDB DEFAULT CHARSET=utf8mb4 COLLATE=utf8mb4_unicode_ci;

--
-- Dumping data for table `files`
--

INSERT INTO `files` (`id`, `order_id`, `file_path`, `num_pages`, `copies`, `price`, `impression`, `orientation`, `size`, `front_back`, `binding`, `binding_type`, `file_size`, `created_at`, `updated_at`) VALUES
(1, 1, 'public/uploads/7ydCEmAeWA8Ta64jpISYO2ZNqXcMpKn4ISlue9Mx.pdf', 10, 1, NULL, 'color', 'portrait', 'A4', 1, 1, 'plastic', '0.05 MB', '2025-03-12 12:50:50', '2025-03-12 12:50:50'),
(2, 2, 'public/uploads/LwoH7ZhyE3YZDI48QfhsE4GmyS7Ug36miScvWAGw.pdf', 10, 1, NULL, 'color', 'portrait', 'A4', 0, 0, NULL, '0.05 MB', '2025-03-12 12:53:10', '2025-03-12 12:53:10'),
(3, 2, 'public/uploads/Vr1KVgJndalUUm5MKg6OO8ZW9tmOOxnpGKNDFvDc.pdf', 10, 1, NULL, 'color', 'portrait', 'A4', 0, 0, NULL, '0.05 MB', '2025-03-12 12:53:10', '2025-03-12 12:53:10');

-- --------------------------------------------------------

--
-- Table structure for table `footer`
--

CREATE TABLE `footer` (
  `id` bigint(20) UNSIGNED NOT NULL,
  `about_text` text DEFAULT NULL,
  `facebook_link` varchar(255) DEFAULT NULL,
  `instagram_link` varchar(255) DEFAULT NULL,
  `twitter_link` varchar(255) DEFAULT NULL,
  `links` text DEFAULT NULL,
  `latest_posts` text DEFAULT NULL,
  `subscribe_text` text DEFAULT NULL,
  `copyright_text` varchar(255) DEFAULT NULL,
  `logo` varchar(255) DEFAULT NULL,
  `legal_links` text DEFAULT NULL,
  `created_at` timestamp NULL DEFAULT NULL,
  `updated_at` timestamp NULL DEFAULT NULL
) ENGINE=InnoDB DEFAULT CHARSET=utf8mb4 COLLATE=utf8mb4_unicode_ci;

--
-- Dumping data for table `footer`
--

INSERT INTO `footer` (`id`, `about_text`, `facebook_link`, `instagram_link`, `twitter_link`, `links`, `latest_posts`, `subscribe_text`, `copyright_text`, `logo`, `legal_links`, `created_at`, `updated_at`) VALUES
(1, 'La P\'tite imprimerie \r\nTéléphone : 04 75 87 49 80\r\n\r\nZA Chem. des Terres de Millet,\r\n07200 Saint-Didier-sous-Aubenas\r\n\r\nDu Lundi au Vendredi de 9h à 12h15 / 14h à 17h30', '#', '#', '#', '[{\"title\":\"Accueil\",\"url\":\"home\"},{\"title\":\"A propos\",\"url\":\"about\"},{\"title\":\"Services\",\"url\":\"services\"},{\"title\":\"Contact\",\"url\":\"contact\"},{\"title\":\"Blog\",\"url\":\"posts\"}]', '[{\"title\":\"Nothing impossible to need hard work\",\"date\":\"7 March, 2020\",\"image\":\"frontend\\/img\\/blog\\/s-blogimg-01.png\"},{\"title\":\"Nothing impossible to need hard work\",\"date\":\"7 March, 2020\",\"image\":\"frontend\\/img\\/blog\\/s-blogimg-02.png\"}]', 'Inscrivez-vous à notre lettre d\'information pour recevoir nos dernières mises à jour et nos dernières nouvelles.', 'Coxprint 2022 . Tous droits réservés.', 'uploads/1741221883_logo.png', '[{\"title\":\"RGPD\",\"url\":\"https:\\/\\/laptiteimprimerie.fr\\/rgpd\"},{\"title\":\"Mentions L\\u00e9gales\",\"url\":\"https:\\/\\/laptiteimprimerie.fr\\/mentions-legales\"},{\"title\":\"CGV\",\"url\":\"https:\\/\\/laptiteimprimerie.fr\\/CGV\"}]', '2025-02-23 15:03:26', '2025-06-26 14:23:11');

-- --------------------------------------------------------

--
-- Table structure for table `galleries`
--

CREATE TABLE `galleries` (
  `id` bigint(20) UNSIGNED NOT NULL,
  `category` varchar(255) DEFAULT NULL,
  `display_name` varchar(255) DEFAULT NULL,
  `image` varchar(255) DEFAULT NULL,
  `created_at` timestamp NULL DEFAULT NULL,
  `updated_at` timestamp NULL DEFAULT NULL
) ENGINE=InnoDB DEFAULT CHARSET=utf8mb4 COLLATE=utf8mb4_unicode_ci;

--
-- Dumping data for table `galleries`
--

INSERT INTO `galleries` (`id`, `category`, `display_name`, `image`, `created_at`, `updated_at`) VALUES
(1, 'design', 'Design', 'frontend/img/gallery/protfolio-img01.png', '2025-02-23 15:03:26', '2025-02-23 15:03:26'),
(2, '3d-printing', '3D Printing', 'frontend/img/gallery/protfolio-img02.png', '2025-02-23 15:03:26', '2025-02-23 15:03:26'),
(3, 'card-printing', 'Card Printing', 'frontend/img/gallery/protfolio-img03.png', '2025-02-23 15:03:26', '2025-02-23 15:03:26'),
(4, 'flyer', 'Flyer', 'frontend/img/gallery/protfolio-img04.png', '2025-02-23 15:03:26', '2025-02-23 15:03:26'),
(5, 'pamphlet', 'Pamphlet', 'frontend/img/gallery/protfolio-img05.png', '2025-02-23 15:03:26', '2025-02-23 15:03:26'),
(6, 'design', 'Design', 'frontend/img/gallery/protfolio-img06.png', '2025-02-23 15:03:26', '2025-02-23 15:03:26'),
(15, 'flyer', 'flyer', 'uploads/1747148823_gallery.jpg', '2025-05-13 15:07:03', '2025-05-13 15:07:03');

-- --------------------------------------------------------

--
-- Table structure for table `general_settings`
--

CREATE TABLE `general_settings` (
  `id` bigint(20) UNSIGNED NOT NULL,
  `enable_preloader` enum('yes','no') DEFAULT 'no',
  `preloader_version` varchar(50) DEFAULT NULL,
  `preloader_image` varchar(255) DEFAULT NULL,
  `enable_animation` enum('yes','no') DEFAULT 'no',
  `hotline` varchar(255) DEFAULT NULL,
  `hotline_subtitle` varchar(255) DEFAULT NULL,
  `enable_sticky_header` enum('yes','no') DEFAULT 'no',
  `sticky_header_position` varchar(50) DEFAULT NULL,
  `site_title` varchar(255) DEFAULT NULL,
  `show_site_name_after_page_title` enum('yes','no') DEFAULT 'no',
  `seo_title_separator` varchar(50) DEFAULT NULL,
  `seo_title` varchar(255) DEFAULT NULL,
  `seo_description` text DEFAULT NULL,
  `seo_keywords` varchar(255) DEFAULT NULL,
  `seo_robots` enum('index','noindex') DEFAULT 'index',
  `seo_og_image` varchar(255) DEFAULT NULL,
  `terms_privacy_url` varchar(255) DEFAULT NULL,
  `copyright` varchar(255) DEFAULT NULL,
  `created_at` timestamp NULL DEFAULT NULL,
  `updated_at` timestamp NULL DEFAULT NULL
) ENGINE=InnoDB DEFAULT CHARSET=utf8mb4 COLLATE=utf8mb4_unicode_ci;

--
-- Dumping data for table `general_settings`
--

INSERT INTO `general_settings` (`id`, `enable_preloader`, `preloader_version`, `preloader_image`, `enable_animation`, `hotline`, `hotline_subtitle`, `enable_sticky_header`, `sticky_header_position`, `site_title`, `show_site_name_after_page_title`, `seo_title_separator`, `seo_title`, `seo_description`, `seo_keywords`, `seo_robots`, `seo_og_image`, `terms_privacy_url`, `copyright`, `created_at`, `updated_at`) VALUES
(1, 'no', 'v1', NULL, 'no', NULL, NULL, 'no', NULL, NULL, 'no', NULL, NULL, NULL, NULL, 'index', NULL, NULL, NULL, '2025-07-03 10:12:09', '2025-07-03 10:12:33');

-- --------------------------------------------------------

--
-- Table structure for table `google_analytics_settings`
--

CREATE TABLE `google_analytics_settings` (
  `id` bigint(20) UNSIGNED NOT NULL,
  `google_analytics_id` varchar(255) DEFAULT NULL,
  `created_at` timestamp NULL DEFAULT NULL,
  `updated_at` timestamp NULL DEFAULT NULL
) ENGINE=InnoDB DEFAULT CHARSET=utf8mb4 COLLATE=utf8mb4_unicode_ci;

-- --------------------------------------------------------

--
-- Table structure for table `headers`
--

CREATE TABLE `headers` (
  `id` bigint(20) UNSIGNED NOT NULL,
  `email` varchar(255) NOT NULL,
  `phone` varchar(255) NOT NULL,
  `logo` varchar(255) NOT NULL,
  `facebook_url` varchar(255) DEFAULT NULL,
  `instagram_url` varchar(255) DEFAULT NULL,
  `twitter_url` varchar(255) DEFAULT NULL,
  `youtube_url` varchar(255) DEFAULT NULL,
  `facebook_check` tinyint(1) NOT NULL DEFAULT 1,
  `instagram_check` tinyint(1) NOT NULL DEFAULT 1,
  `twitter_check` tinyint(1) NOT NULL DEFAULT 1,
  `youtube_check` tinyint(1) NOT NULL DEFAULT 1,
  `created_at` timestamp NULL DEFAULT NULL,
  `updated_at` timestamp NULL DEFAULT NULL
) ENGINE=InnoDB DEFAULT CHARSET=utf8mb4 COLLATE=utf8mb4_unicode_ci;

--
-- Dumping data for table `headers`
--

INSERT INTO `headers` (`id`, `email`, `phone`, `logo`, `facebook_url`, `instagram_url`, `twitter_url`, `youtube_url`, `facebook_check`, `instagram_check`, `twitter_check`, `youtube_check`, `created_at`, `updated_at`) VALUES
(1, 'contact@laptiteimprimerie.fr', '04 75 87 49 80', 'uploads/1741221883_logo.png', 'https://www.facebook.com/', 'https://www.instagram.com/laptiteimprimerie/', NULL, NULL, 0, 1, 0, 0, '2025-02-23 15:03:26', '2025-06-30 14:12:41');

-- --------------------------------------------------------

--
-- Table structure for table `jobs`
--

CREATE TABLE `jobs` (
  `id` bigint(20) UNSIGNED NOT NULL,
  `queue` varchar(255) NOT NULL,
  `payload` longtext NOT NULL,
  `attempts` tinyint(3) UNSIGNED NOT NULL,
  `reserved_at` int(10) UNSIGNED DEFAULT NULL,
  `available_at` int(10) UNSIGNED NOT NULL,
  `created_at` int(10) UNSIGNED NOT NULL
) ENGINE=InnoDB DEFAULT CHARSET=utf8mb4 COLLATE=utf8mb4_unicode_ci;

-- --------------------------------------------------------

--
-- Table structure for table `job_batches`
--

CREATE TABLE `job_batches` (
  `id` varchar(255) NOT NULL,
  `name` varchar(255) NOT NULL,
  `total_jobs` int(11) NOT NULL,
  `pending_jobs` int(11) NOT NULL,
  `failed_jobs` int(11) NOT NULL,
  `failed_job_ids` longtext NOT NULL,
  `options` mediumtext DEFAULT NULL,
  `cancelled_at` int(11) DEFAULT NULL,
  `created_at` int(11) NOT NULL,
  `finished_at` int(11) DEFAULT NULL
) ENGINE=InnoDB DEFAULT CHARSET=utf8mb4 COLLATE=utf8mb4_unicode_ci;

-- --------------------------------------------------------

--
-- Table structure for table `layout_settings`
--

CREATE TABLE `layout_settings` (
  `id` int(11) NOT NULL,
  `paper_size` varchar(10) NOT NULL,
  `orientation` varchar(10) NOT NULL,
  `margin_top` int(11) NOT NULL,
  `margin_bottom` int(11) NOT NULL,
  `created_at` timestamp NULL DEFAULT current_timestamp(),
  `updated_at` timestamp NULL DEFAULT current_timestamp() ON UPDATE current_timestamp()
) ENGINE=InnoDB DEFAULT CHARSET=utf8mb3 COLLATE=utf8mb3_general_ci;

-- --------------------------------------------------------

--
-- Table structure for table `menu_items`
--

CREATE TABLE `menu_items` (
  `id` bigint(20) UNSIGNED NOT NULL,
  `title` varchar(255) NOT NULL,
  `url` varchar(255) NOT NULL,
  `parent_id` bigint(20) UNSIGNED DEFAULT NULL,
  `order` int(11) NOT NULL DEFAULT 0,
  `created_at` timestamp NULL DEFAULT NULL,
  `updated_at` timestamp NULL DEFAULT NULL,
  `is_active` tinyint(1) DEFAULT 1
) ENGINE=InnoDB DEFAULT CHARSET=utf8mb4 COLLATE=utf8mb4_unicode_ci;

--
-- Dumping data for table `menu_items`
--

INSERT INTO `menu_items` (`id`, `title`, `url`, `parent_id`, `order`, `created_at`, `updated_at`, `is_active`) VALUES
(1, 'Accueil', 'home', NULL, 1, '2025-02-23 15:03:26', '2025-03-06 18:21:13', 1),
(2, 'A propos', 'about', NULL, 2, '2025-02-23 15:03:26', '2025-03-06 19:05:12', 1),
(26, 'Services', 'home', NULL, 3, '2025-05-20 13:55:08', '2025-05-28 10:39:21', 1),
(27, 'Impression et numérisation', 'https://laptiteimprimerie.fr/impression-et-numerisation', 26, 0, '2025-05-20 13:55:08', '2025-06-23 07:21:32', 1),
(28, 'Stickers et étiquettes', 'https://laptiteimprimerie.fr/stickers-et-etiquettes', 26, 3, '2025-05-20 13:55:08', '2025-05-28 10:40:37', 1),
(29, 'Grands formats', 'https://laptiteimprimerie.fr/grands-formats', 26, 2, '2025-05-20 13:55:08', '2025-06-23 07:21:32', 1),
(30, 'Plastification et reliure', 'https://laptiteimprimerie.fr/plastification-et-reliure', 26, 1, '2025-05-20 13:55:08', '2025-06-23 07:21:32', 1),
(31, 'Actualités', 'posts', NULL, 4, '2025-05-20 14:12:41', '2025-05-20 14:12:41', 1),
(32, 'Contact', 'contact', NULL, 6, '2025-05-20 14:12:41', '2025-05-23 10:08:03', 1),
(33, 'FAQ', 'faq', NULL, 5, '2025-05-23 09:20:32', '2025-05-28 10:52:34', 1),
(36, 'Impression 3D', 'https://laptiteimprimerie.fr/impression-3d', 26, 5, '2025-05-28 10:39:58', '2025-06-23 07:21:32', 1),
(37, 'Personnalisation textile et objets', 'https://laptiteimprimerie.fr/personnalisation-textile-et-objets', 26, 4, '2025-06-02 12:56:03', '2025-06-23 07:21:32', 1),
(40, 'Services pratiques et numériques', 'https://laptiteimprimerie.fr/impression-et-numerisation', 26, 6, '2025-07-03 07:34:30', '2025-07-03 07:46:21', 1);

-- --------------------------------------------------------

--
-- Table structure for table `migrations`
--

CREATE TABLE `migrations` (
  `id` int(10) UNSIGNED NOT NULL,
  `migration` varchar(255) NOT NULL,
  `batch` int(11) NOT NULL
) ENGINE=InnoDB DEFAULT CHARSET=utf8mb4 COLLATE=utf8mb4_unicode_ci;

--
-- Dumping data for table `migrations`
--

INSERT INTO `migrations` (`id`, `migration`, `batch`) VALUES
(1, '0001_01_01_000000_create_users_table', 1),
(2, '0001_01_01_000001_create_cache_table', 1),
(3, '0001_01_01_000002_create_jobs_table', 1),
(4, '2025_02_19_152256_laptite', 2),
(5, '2025_02_20_143516_create_body_slider_table', 2),
(6, '2025_02_21_143034_create_services_table', 2),
(7, '2025_02_21_153235_create_about_table', 2),
(8, '2025_02_21_161429_create_cta_table', 2),
(9, '2025_02_21_170358_create_galleries_table', 2),
(10, '2025_02_21_174152_create_pricing_table', 2),
(11, '2025_02_21_174731_create_brands_table', 2),
(12, '2025_02_22_071618_create_testimonials_table', 2),
(13, '2025_02_22_073119_create_footer_table', 2),
(14, '2025_02_22_083449_create_menu_items_table', 2),
(15, '2025_02_22_084017_create_header_table', 2),
(16, '2025_02_22_095901_create_sections_table', 2),
(17, '2025_02_23_075250_create_three_services_table', 2),
(18, '2025_02_23_084257_create_header_table', 3),
(19, '2025_02_27_161913_create_posts_table', 3),
(20, '2025_03_06_005029_add_checked_to_menu_items', 4);

-- --------------------------------------------------------

--
-- Table structure for table `newsletters`
--

CREATE TABLE `newsletters` (
  `id` bigint(20) UNSIGNED NOT NULL,
  `email` varchar(255) NOT NULL,
  `name` varchar(255) DEFAULT NULL,
  `status` enum('Subscribed','Unsubscribed') DEFAULT 'Subscribed',
  `created_at` timestamp NULL DEFAULT NULL,
  `updated_at` timestamp NULL DEFAULT NULL
) ENGINE=InnoDB DEFAULT CHARSET=utf8mb4 COLLATE=utf8mb4_unicode_ci;

--
-- Dumping data for table `newsletters`
--

INSERT INTO `newsletters` (`id`, `email`, `name`, `status`, `created_at`, `updated_at`) VALUES
(1, 'de.ae@gmail.com', NULL, 'Subscribed', '2025-06-29 14:51:09', '2025-06-29 14:51:09'),
(2, 'eltynn@gmail.cvq', NULL, 'Subscribed', '2025-06-29 14:51:55', '2025-06-29 14:51:55');

-- --------------------------------------------------------

--
-- Table structure for table `online_print_settings`
--

CREATE TABLE `online_print_settings` (
  `id` bigint(20) UNSIGNED NOT NULL,
  `enabled` tinyint(1) NOT NULL DEFAULT 0,
  `created_at` timestamp NULL DEFAULT NULL,
  `updated_at` timestamp NULL DEFAULT NULL,
  `degressive_mode` enum('none','partiel','total') DEFAULT 'none'
) ENGINE=InnoDB DEFAULT CHARSET=utf8mb3 COLLATE=utf8mb3_general_ci;

--
-- Dumping data for table `online_print_settings`
--

INSERT INTO `online_print_settings` (`id`, `enabled`, `created_at`, `updated_at`, `degressive_mode`) VALUES
(1, 1, '2025-04-01 14:09:27', '2025-06-19 21:43:08', 'total');

-- --------------------------------------------------------

--
-- Table structure for table `orders`
--

CREATE TABLE `orders` (
  `id` int(11) UNSIGNED NOT NULL,
  `customer_id` bigint(20) UNSIGNED NOT NULL,
  `grand_total` decimal(10,2) DEFAULT 0.00,
  `payment_method` varchar(50) DEFAULT NULL,
  `is_paid` tinyint(1) DEFAULT 0,
  `front_back` tinyint(1) DEFAULT 0,
  `need_binding` tinyint(1) DEFAULT 0,
  `quantity` varchar(255) NOT NULL,
  `created_at` timestamp NULL DEFAULT current_timestamp(),
  `updated_at` timestamp NULL DEFAULT current_timestamp() ON UPDATE current_timestamp(),
  `status` varchar(50) DEFAULT 'en attente'
) ENGINE=InnoDB DEFAULT CHARSET=utf8mb4 COLLATE=utf8mb4_unicode_ci;

--
-- Dumping data for table `orders`
--

INSERT INTO `orders` (`id`, `customer_id`, `grand_total`, `payment_method`, `is_paid`, `front_back`, `need_binding`, `quantity`, `created_at`, `updated_at`, `status`) VALUES
(1, 9, 0.00, NULL, 0, 0, 0, '4', '2025-06-24 10:41:23', '2025-06-26 19:45:00', 'Printed'),
(2, 10, 0.00, NULL, 0, 0, 0, '4', '2025-06-24 10:45:49', '2025-06-24 10:45:49', 'Confirmed'),
(3, 11, 0.00, NULL, 0, 0, 0, '4', '2025-06-24 10:51:44', '2025-06-24 10:51:44', 'Confirmed'),
(4, 12, 0.00, NULL, 0, 0, 0, '4', '2025-06-24 10:54:45', '2025-06-24 10:54:45', 'Confirmed'),
(5, 13, 0.00, NULL, 0, 0, 0, '4', '2025-06-24 10:57:05', '2025-06-24 10:57:05', 'Confirmed'),
(6, 14, 0.00, NULL, 0, 0, 0, '4', '2025-06-24 12:03:01', '2025-06-24 12:03:01', 'Confirmed'),
(7, 15, 0.00, NULL, 0, 0, 0, '2', '2025-06-24 12:03:58', '2025-06-24 12:03:58', 'Confirmed'),
(8, 18, 0.00, NULL, 0, 0, 0, '1', '2025-06-24 12:22:30', '2025-06-24 12:22:30', 'Confirmed'),
(9, 19, 0.00, NULL, 0, 0, 0, '1', '2025-06-24 21:58:25', '2025-06-24 21:58:25', 'Confirmed'),
(10, 21, 0.00, NULL, 0, 0, 0, '2', '2025-06-25 09:06:18', '2025-06-25 09:06:18', 'Confirmed'),
(11, 22, 0.00, NULL, 0, 0, 0, '2', '2025-06-25 09:12:25', '2025-06-25 09:12:25', 'Confirmed'),
(12, 23, 0.00, NULL, 0, 0, 0, '2', '2025-06-25 09:13:28', '2025-06-25 09:13:28', 'Confirmed'),
(13, 24, 0.00, NULL, 0, 0, 0, '2', '2025-06-25 09:13:57', '2025-06-25 09:13:57', 'Confirmed'),
(14, 25, 0.00, NULL, 0, 0, 0, '2', '2025-06-25 09:18:17', '2025-06-25 09:18:17', 'Confirmed'),
(15, 26, 0.00, NULL, 0, 0, 0, '2', '2025-06-25 09:22:44', '2025-06-25 09:22:44', 'Confirmed'),
(16, 27, 0.00, NULL, 0, 0, 0, '2', '2025-06-25 09:25:27', '2025-06-25 09:25:27', 'Confirmed'),
(17, 28, 0.00, NULL, 0, 0, 0, '2', '2025-06-25 09:27:42', '2025-06-25 09:27:42', 'Confirmed'),
(18, 29, 0.00, NULL, 0, 0, 0, '2', '2025-06-25 09:33:36', '2025-06-25 09:33:36', 'Confirmed'),
(19, 30, 0.00, NULL, 0, 0, 0, '2', '2025-06-25 09:47:45', '2025-06-25 09:47:45', 'Confirmed'),
(20, 31, 0.00, NULL, 0, 0, 0, '1', '2025-06-25 11:20:18', '2025-06-25 11:20:18', 'Confirmed'),
(21, 32, 0.00, NULL, 0, 0, 0, '2', '2025-06-25 11:36:44', '2025-06-25 11:36:44', 'Confirmed'),
(22, 33, 0.00, NULL, 0, 0, 0, '4', '2025-06-25 11:42:42', '2025-06-25 11:42:42', 'Confirmed'),
(23, 34, 0.00, NULL, 0, 0, 0, '10', '2025-06-25 12:00:18', '2025-06-25 12:00:18', 'Confirmed'),
(24, 35, 0.00, NULL, 0, 0, 0, '2', '2025-06-25 13:57:20', '2025-06-25 13:57:20', 'Confirmed'),
(25, 36, 0.00, NULL, 0, 0, 0, '2', '2025-06-25 14:05:59', '2025-06-25 14:05:59', 'Confirmed'),
(26, 37, 0.00, NULL, 0, 0, 0, '2', '2025-06-25 14:06:12', '2025-06-25 14:06:12', 'Confirmed'),
(27, 38, 0.00, NULL, 0, 0, 0, '2', '2025-06-25 14:06:30', '2025-06-25 14:06:30', 'Confirmed'),
(28, 39, 0.00, NULL, 0, 0, 0, '4', '2025-06-25 14:08:44', '2025-06-25 14:08:44', 'Confirmed'),
(29, 40, 0.00, NULL, 0, 0, 0, '4', '2025-06-25 14:13:05', '2025-06-25 14:13:05', 'Confirmed'),
(30, 41, 0.00, NULL, 0, 0, 0, '4', '2025-06-25 14:13:59', '2025-06-25 14:13:59', 'Confirmed'),
(31, 42, 0.00, NULL, 0, 0, 0, '4', '2025-06-25 14:16:09', '2025-06-25 14:16:09', 'Confirmed'),
(33, 44, 0.00, NULL, 0, 0, 0, '6', '2025-06-25 14:32:36', '2025-06-25 14:32:36', 'Confirmed'),
(34, 45, 0.00, NULL, 0, 0, 0, '1', '2025-06-25 14:47:22', '2025-06-25 14:47:22', 'Confirmed'),
(35, 46, 0.00, NULL, 0, 0, 0, '1', '2025-06-25 17:24:56', '2025-06-25 17:24:56', 'Confirmed'),
(36, 47, 0.00, NULL, 0, 0, 0, '2', '2025-06-25 17:26:39', '2025-06-25 17:26:39', 'Confirmed'),
(37, 48, 0.00, NULL, 0, 0, 0, '2', '2025-06-25 19:16:44', '2025-06-25 19:16:44', 'Confirmed'),
(38, 49, 0.00, NULL, 0, 0, 0, '2', '2025-06-25 19:21:49', '2025-06-25 19:21:49', 'Confirmed'),
(39, 50, 0.00, NULL, 0, 0, 0, '3', '2025-06-25 19:22:50', '2025-06-25 19:22:50', 'Confirmed'),
(40, 51, 0.00, NULL, 0, 0, 0, '1', '2025-06-25 19:24:11', '2025-06-25 19:24:11', 'Confirmed'),
(41, 52, 0.00, NULL, 0, 0, 0, '1', '2025-06-25 19:24:39', '2025-06-25 19:24:39', 'Confirmed'),
(42, 53, 3.50, NULL, 0, 0, 0, '1', '2025-06-25 19:28:53', '2025-06-25 19:28:53', 'Confirmed'),
(43, 54, 3.50, NULL, 0, 0, 0, '1', '2025-06-25 19:34:43', '2025-06-25 19:34:43', 'Confirmed'),
(44, 55, 10.50, NULL, 0, 0, 0, '1', '2025-06-25 19:46:02', '2025-06-25 19:46:02', 'Confirmed'),
(45, 56, 6.00, NULL, 0, 0, 0, '1', '2025-06-25 19:51:49', '2025-06-25 19:51:49', 'Confirmed'),
(46, 57, 10.00, NULL, 0, 0, 0, '6', '2025-06-25 19:53:12', '2025-06-25 19:53:12', 'Confirmed'),
(47, 58, 1.50, NULL, 0, 0, 0, '1', '2025-06-25 20:08:45', '2025-06-25 20:08:45', 'Confirmed'),
(48, 59, 0.50, NULL, 0, 0, 0, '1', '2025-06-26 00:14:47', '2025-06-26 00:14:47', 'Confirmed'),
(49, 60, 24.00, NULL, 0, 0, 0, '1', '2025-06-26 05:43:44', '2025-06-26 05:43:44', 'Confirmed'),
(50, 61, 4.50, NULL, 0, 0, 0, '1', '2025-06-26 07:09:50', '2025-06-27 09:04:57', '1'),
(51, 62, 0.75, NULL, 0, 0, 0, '1', '2025-06-27 06:17:53', '2025-06-27 10:59:05', 'Printed'),
(52, 63, 1.25, NULL, 0, 0, 0, '1', '2025-06-27 13:56:51', '2025-06-27 13:56:51', 'Confirmed'),
(53, 64, 0.75, NULL, 0, 0, 0, '1', '2025-06-27 19:09:22', '2025-06-27 19:09:22', 'Confirmed'),
(54, 65, 0.76, NULL, 0, 0, 0, '1', '2025-06-27 19:19:25', '2025-06-27 19:19:25', 'Confirmed'),
(55, 66, 0.00, NULL, 0, 0, 0, '1', '2025-06-27 19:22:36', '2025-06-27 19:22:36', 'Confirmed'),
(56, 67, 0.76, NULL, 0, 0, 0, '1', '2025-06-28 11:05:43', '2025-06-28 11:05:43', 'Confirmed'),
(57, 68, 1.25, NULL, 0, 0, 0, '1', '2025-06-28 11:20:48', '2025-06-28 11:20:48', 'Confirmed'),
(58, 69, 0.75, NULL, 0, 0, 0, '1', '2025-06-28 11:28:01', '2025-06-28 14:04:41', '1'),
(59, 70, 0.76, NULL, 0, 0, 0, '2', '2025-06-28 11:31:44', '2025-06-28 17:15:04', 'Confirmed'),
(60, 71, 0.50, NULL, 0, 0, 0, '1', '2025-06-28 13:36:55', '2025-06-28 17:18:19', 'Confirmed'),
(61, 73, 1.25, NULL, 0, 0, 0, '1', '2025-06-28 14:00:54', '2025-06-28 15:54:38', 'Confirmed'),
(62, 74, 0.75, NULL, 0, 0, 0, '1', '2025-06-28 14:08:01', '2025-06-28 14:38:02', 'Confirmed'),
(63, 75, 0.75, NULL, 0, 0, 0, '1', '2025-06-28 16:45:04', '2025-06-28 17:18:14', 'Confirmed'),
(64, 76, 0.75, NULL, 0, 0, 0, '1', '2025-06-28 17:18:55', '2025-06-28 17:19:02', 'Confirmed'),
(65, 77, 3.00, NULL, 0, 0, 0, '1', '2025-06-28 17:22:21', '2025-06-28 17:22:33', 'Confirmed'),
(66, 78, 0.75, NULL, 0, 0, 0, '1', '2025-06-28 17:33:39', '2025-06-28 17:33:46', 'Confirmed'),
(67, 79, 0.75, NULL, 0, 0, 0, '1', '2025-06-28 18:21:25', '2025-06-28 18:21:34', 'Confirmed'),
(68, 80, 9.05, NULL, 0, 0, 0, '1', '2025-06-28 19:17:15', '2025-06-28 19:17:41', 'Confirmed'),
(69, 81, 1.95, NULL, 0, 0, 0, '1', '2025-06-28 19:17:56', '2025-06-28 19:18:21', 'Confirmed'),
(70, 82, 3.75, NULL, 0, 0, 0, '3', '2025-06-29 05:17:14', '2025-06-29 05:17:55', 'Confirmed'),
(71, 83, 1.01, NULL, 0, 0, 0, '1', '2025-06-29 05:22:08', '2025-06-29 05:22:23', 'Confirmed'),
(72, 84, 1.01, NULL, 0, 0, 0, '1', '2025-06-29 05:23:48', '2025-06-29 05:23:55', 'Confirmed'),
(73, 85, 0.76, NULL, 0, 0, 0, '1', '2025-06-29 05:26:30', '2025-06-29 05:26:41', 'Confirmed'),
(74, 86, 1.25, NULL, 0, 0, 0, '1', '2025-06-29 05:31:26', '2025-06-29 05:31:36', 'Confirmed'),
(75, 87, 1.25, NULL, 0, 0, 0, '1', '2025-06-29 05:35:29', '2025-06-29 05:35:35', 'Confirmed'),
(76, 88, 1.25, NULL, 0, 0, 0, '1', '2025-06-29 05:39:34', '2025-06-29 05:39:40', 'Confirmed'),
(77, 89, 1.25, NULL, 0, 0, 0, '1', '2025-06-29 05:40:09', '2025-06-29 05:40:15', 'Confirmed'),
(78, 90, 0.75, NULL, 0, 0, 0, '1', '2025-06-29 06:02:10', '2025-06-29 06:02:18', 'Confirmed'),
(79, 91, 1.95, NULL, 0, 0, 0, '1', '2025-06-29 17:59:53', '2025-06-29 18:00:20', 'Confirmed'),
(80, 92, 1.95, NULL, 0, 0, 0, '1', '2025-06-29 18:03:14', '2025-06-29 18:03:39', 'Confirmed'),
(81, 93, 9.05, NULL, 0, 0, 0, '1', '2025-06-29 18:09:02', '2025-06-29 18:09:23', 'Confirmed'),
(82, 94, 0.00, NULL, 0, 0, 0, '3', '2025-06-29 18:12:03', '2025-06-29 18:12:08', 'Confirmed'),
(83, 95, 20.05, NULL, 0, 0, 0, '3', '2025-06-29 18:14:51', '2025-06-29 18:15:56', 'Confirmed'),
(84, 96, 1.95, NULL, 0, 0, 0, '1', '2025-06-29 18:15:57', '2025-06-29 18:16:20', 'Confirmed'),
(85, 97, 1.25, NULL, 0, 0, 0, '1', '2025-06-30 10:02:25', '2025-06-30 10:02:34', 'Confirmed'),
(86, 98, 0.75, NULL, 0, 0, 0, '1', '2025-06-30 10:36:15', '2025-06-30 10:36:21', 'Confirmed'),
(87, 99, 0.50, NULL, 0, 0, 0, '1', '2025-06-30 12:57:48', '2025-06-30 13:22:54', 'Confirmed'),
(88, 100, 0.75, NULL, 0, 0, 0, '1', '2025-06-30 13:13:48', '2025-06-30 13:22:59', 'Confirmed'),
(89, 101, 9.05, NULL, 0, 0, 0, '1', '2025-06-30 14:47:56', '2025-06-30 14:48:04', 'Confirmed'),
(90, 102, 0.75, NULL, 0, 0, 0, '1', '2025-07-01 06:37:37', '2025-07-01 07:32:26', 'Confirmed'),
(91, 103, 2.75, NULL, 0, 0, 0, '3', '2025-07-01 07:29:24', '2025-07-01 07:32:15', 'Confirmed'),
(92, 104, 0.75, NULL, 0, 0, 0, '1', '2025-07-01 07:36:03', '2025-07-01 07:36:11', 'Confirmed'),
(93, 105, 1.25, NULL, 0, 0, 0, '1', '2025-07-01 08:05:05', '2025-07-01 08:05:09', 'Confirmed'),
(94, 106, 1.01, NULL, 0, 0, 0, '1', '2025-07-01 08:08:53', '2025-07-01 08:08:59', 'Confirmed'),
(95, 107, 1.51, NULL, 0, 0, 0, '1', '2025-07-01 12:19:21', '2025-07-01 12:19:25', 'Confirmed'),
(96, 108, 1.51, NULL, 0, 0, 0, '1', '2025-07-01 12:20:13', '2025-07-01 12:20:20', 'Confirmed'),
(97, 109, 1.51, NULL, 0, 0, 0, '1', '2025-07-01 12:20:34', '2025-07-01 12:20:40', 'Confirmed'),
(98, 110, 1.50, NULL, 0, 0, 0, '1', '2025-07-01 12:23:46', '2025-07-01 12:23:49', 'Confirmed'),
(99, 111, 1.50, NULL, 0, 0, 0, '1', '2025-07-01 12:28:00', '2025-07-01 12:28:04', 'Confirmed'),
(100, 112, 1.50, NULL, 0, 0, 0, '1', '2025-07-01 12:43:45', '2025-07-01 12:43:49', 'Confirmed'),
(101, 113, 0.75, NULL, 0, 0, 0, '1', '2025-07-02 07:35:17', '2025-07-02 14:35:23', 'Confirmed'),
(102, 114, 1.50, NULL, 0, 0, 0, '1', '2025-07-02 09:41:49', '2025-07-02 14:35:21', 'Confirmed'),
(103, 115, 1.50, NULL, 0, 0, 0, '1', '2025-07-02 16:51:26', '2025-07-03 13:22:03', 'Confirmed'),
(104, 116, 1.50, NULL, 0, 0, 0, '1', '2025-07-02 16:53:07', '2025-07-03 13:22:02', 'Confirmed'),
(105, 117, 0.75, NULL, 0, 0, 0, '1', '2025-07-02 18:35:03', '2025-07-03 13:22:01', 'Confirmed'),
(106, 118, 1.50, NULL, 0, 0, 0, '1', '2025-07-03 13:22:08', '2025-07-03 13:22:10', 'Confirmed'),
(107, 119, 1.50, NULL, 0, 0, 0, '1', '2025-07-03 13:28:49', '2025-07-03 13:28:50', 'Confirmed'),
(108, 120, 0.75, NULL, 0, 0, 0, '1', '2025-07-04 05:55:24', '2025-07-04 07:30:05', 'Confirmed'),
(109, 121, 0.75, NULL, 0, 0, 0, '1', '2025-07-04 06:13:35', '2025-07-04 07:30:03', 'Confirmed'),
(110, 122, 6.00, NULL, 0, 0, 0, '1', '2025-07-04 06:52:28', '2025-07-04 07:30:02', 'Confirmed'),
(111, 123, 2.25, NULL, 0, 0, 0, '1', '2025-07-05 20:04:42', '2025-07-05 20:04:42', 'Not Confirmed'),
(112, 124, 3.75, NULL, 0, 0, 0, '1', '2025-07-05 20:23:18', '2025-07-05 20:23:18', 'Not Confirmed'),
(113, 125, 1.50, NULL, 0, 0, 0, '1', '2025-07-05 20:24:36', '2025-07-05 20:24:36', 'Not Confirmed'),
(114, 126, 1.02, NULL, 0, 0, 0, '1', '2025-07-05 23:35:01', '2025-07-05 23:35:01', 'Not Confirmed'),
(115, 127, 1.50, NULL, 0, 0, 0, '1', '2025-07-06 05:03:39', '2025-07-06 05:03:39', 'Not Confirmed'),
(116, 128, 3.00, NULL, 0, 0, 0, '1', '2025-07-06 05:07:57', '2025-07-06 05:07:57', 'Not Confirmed');

-- --------------------------------------------------------

--
-- Table structure for table `order_items`
--

CREATE TABLE `order_items` (
  `id` int(11) NOT NULL,
  `order_id` int(11) UNSIGNED NOT NULL,
  `file_path` varchar(255) DEFAULT NULL,
  `paper_size` varchar(10) DEFAULT NULL,
  `orientation` varchar(10) DEFAULT NULL,
  `print_type` varchar(50) DEFAULT NULL,
  `quantity` int(11) DEFAULT 1,
  `frontback` tinyint(1) DEFAULT 0,
  `page_count` int(11) DEFAULT 1,
  `qty_color_pages` int(11) DEFAULT 0,
  `qty_black_pages` int(11) DEFAULT 0,
  `price` decimal(10,2) DEFAULT 0.00,
  `file_size` varchar(50) DEFAULT NULL,
  `notes` text DEFAULT NULL,
  `created_at` timestamp NULL DEFAULT current_timestamp(),
  `updated_at` timestamp NULL DEFAULT current_timestamp() ON UPDATE current_timestamp(),
  `scale_mode` varchar(20) DEFAULT 'default',
  `margin_less` tinyint(1) DEFAULT 0,
  `plastification` tinyint(1) DEFAULT 0,
  `binding_type` varchar(20) DEFAULT NULL,
  `binding_color` varchar(20) DEFAULT NULL
) ENGINE=InnoDB DEFAULT CHARSET=utf8mb4 COLLATE=utf8mb4_unicode_ci;

--
-- Dumping data for table `order_items`
--

INSERT INTO `order_items` (`id`, `order_id`, `file_path`, `paper_size`, `orientation`, `print_type`, `quantity`, `frontback`, `page_count`, `qty_color_pages`, `qty_black_pages`, `price`, `file_size`, `notes`, `created_at`, `updated_at`, `scale_mode`, `margin_less`, `plastification`, `binding_type`, `binding_color`) VALUES
(1, 1, '', 'A4', 'portrait', 'auto', 1, NULL, 0, 0, 0, 0.00, '', '', '2025-06-24 10:41:23', '2025-06-25 21:13:38', 'default', 0, 0, NULL, NULL),
(2, 1, '', 'A4', 'portrait', 'auto', 1, 0, 0, 0, 0, 7.66, '', '', '2025-06-24 10:41:23', '2025-06-24 10:41:23', 'default', 0, 0, NULL, NULL),
(3, 1, '', 'A4', 'portrait', 'auto', 1, 0, 0, 0, 0, 0.00, '', '', '2025-06-24 10:41:23', '2025-06-24 10:41:23', 'default', 0, 0, NULL, NULL),
(4, 1, '', 'A4', 'portrait', 'auto', 1, 0, 0, 0, 0, 0.00, '', '', '2025-06-24 10:41:23', '2025-06-24 10:41:23', 'default', 0, 0, NULL, NULL),
(5, 2, '', 'A4', 'portrait', 'auto', 1, 0, 0, 0, 0, 0.00, '', '', '2025-06-24 10:45:49', '2025-06-24 10:45:49', 'default', 0, 0, NULL, NULL),
(6, 2, '', 'A4', 'portrait', 'auto', 1, 0, 0, 0, 0, 7.66, '', '', '2025-06-24 10:45:49', '2025-06-24 10:45:49', 'default', 0, 0, NULL, NULL),
(7, 2, '', 'A4', 'portrait', 'auto', 1, 0, 0, 0, 0, 0.00, '', '', '2025-06-24 10:45:49', '2025-06-24 10:45:49', 'default', 0, 0, NULL, NULL),
(8, 2, '', 'A4', 'portrait', 'auto', 1, 0, 0, 0, 0, 0.00, '', '', '2025-06-24 10:45:49', '2025-06-24 10:45:49', 'default', 0, 0, NULL, NULL),
(9, 3, '', 'A4', 'portrait', 'auto', 1, 0, 0, 0, 0, 0.00, '', '', '2025-06-24 10:51:44', '2025-06-24 10:51:44', 'default', 0, 0, NULL, NULL),
(10, 3, '', 'A4', 'portrait', 'auto', 1, 0, 0, 0, 0, 7.66, '', '', '2025-06-24 10:51:44', '2025-06-24 10:51:44', 'default', 0, 0, NULL, NULL),
(11, 3, '', 'A4', 'portrait', 'auto', 1, 0, 0, 0, 0, 0.00, '', '', '2025-06-24 10:51:44', '2025-06-24 10:51:44', 'default', 0, 0, NULL, NULL),
(12, 3, '', 'A4', 'portrait', 'auto', 1, 0, 0, 0, 0, 0.00, '', '', '2025-06-24 10:51:44', '2025-06-24 10:51:44', 'default', 0, 0, NULL, NULL),
(13, 4, '', 'A4', 'portrait', 'auto', 1, 0, 0, 0, 0, 0.00, '', '', '2025-06-24 10:54:45', '2025-06-24 10:54:45', 'default', 0, 0, NULL, NULL),
(14, 4, '', 'A4', 'portrait', 'auto', 1, 0, 0, 0, 0, 7.66, '', '', '2025-06-24 10:54:45', '2025-06-24 10:54:45', 'default', 0, 0, NULL, NULL),
(15, 4, '', 'A4', 'portrait', 'auto', 1, 0, 0, 0, 0, 0.00, '', '', '2025-06-24 10:54:45', '2025-06-24 10:54:45', 'default', 0, 0, NULL, NULL),
(16, 4, '', 'A4', 'portrait', 'auto', 1, 0, 0, 0, 0, 0.00, '', '', '2025-06-24 10:54:45', '2025-06-24 10:54:45', 'default', 0, 0, NULL, NULL),
(17, 5, '', 'A4', 'portrait', 'auto', 1, 0, 0, 0, 0, 0.00, '', '', '2025-06-24 10:57:05', '2025-06-24 10:57:05', 'default', 0, 0, NULL, NULL),
(18, 5, '', 'A4', 'portrait', 'auto', 1, 0, 0, 0, 0, 7.66, '', '', '2025-06-24 10:57:05', '2025-06-24 10:57:05', 'default', 0, 0, NULL, NULL),
(19, 5, '', 'A4', 'portrait', 'auto', 1, 0, 0, 0, 0, 0.00, '', '', '2025-06-24 10:57:05', '2025-06-24 10:57:05', 'default', 0, 0, NULL, NULL),
(20, 5, '', 'A4', 'portrait', 'auto', 1, 0, 0, 0, 0, 0.00, '', '', '2025-06-24 10:57:05', '2025-06-24 10:57:05', 'default', 0, 0, NULL, NULL),
(21, 6, '', 'A4', 'portrait', 'auto', 1, 0, 0, 0, 0, 0.00, '', '', '2025-06-24 12:03:01', '2025-06-24 12:03:01', 'default', 0, 0, NULL, NULL),
(22, 6, '', 'A4', 'portrait', 'auto', 1, 0, 0, 0, 0, 7.66, '', '', '2025-06-24 12:03:01', '2025-06-24 12:03:01', 'default', 0, 0, NULL, NULL),
(23, 6, '', 'A4', 'portrait', 'auto', 1, 0, 0, 0, 0, 0.00, '', '', '2025-06-24 12:03:01', '2025-06-24 12:03:01', 'default', 0, 0, NULL, NULL),
(24, 6, '', 'A4', 'portrait', 'auto', 1, 0, 0, 0, 0, 0.00, '', '', '2025-06-24 12:03:01', '2025-06-24 12:03:01', 'default', 0, 0, NULL, NULL),
(25, 7, '', 'A4', 'portrait', 'auto', 1, 0, 0, 0, 0, 0.75, '', '', '2025-06-24 12:03:58', '2025-06-24 12:03:58', 'default', 0, 0, NULL, NULL),
(26, 7, '', 'A4', 'portrait', 'auto', 1, 0, 0, 0, 0, 1.25, '', '', '2025-06-24 12:03:58', '2025-06-24 12:03:58', 'default', 0, 0, NULL, NULL),
(27, 8, '', 'A4', 'portrait', 'auto', 1, 0, 0, 0, 0, 0.00, '', '', '2025-06-24 12:22:30', '2025-06-24 12:22:30', 'default', 0, 0, NULL, NULL),
(28, 9, '', 'A4', 'portrait', 'auto', 1, 0, 0, 0, 0, 5.25, '', '', '2025-06-24 21:58:25', '2025-06-24 21:58:25', 'default', 0, 0, NULL, NULL),
(29, 10, '', 'A4', 'portrait', 'auto', 1, 0, 0, 0, 0, 0.00, '', '', '2025-06-25 09:06:18', '2025-06-25 09:06:18', 'default', 0, 0, NULL, NULL),
(30, 10, '', 'A4', 'portrait', 'auto', 1, 0, 0, 0, 0, 0.00, '', '', '2025-06-25 09:06:18', '2025-06-25 09:06:18', 'default', 0, 0, NULL, NULL),
(31, 11, '', 'A4', 'portrait', 'auto', 1, 0, 0, 0, 0, 0.00, '', '', '2025-06-25 09:12:25', '2025-06-25 09:12:25', 'default', 0, 0, NULL, NULL),
(32, 11, '', 'A4', 'portrait', 'auto', 1, 0, 0, 0, 0, 0.00, '', '', '2025-06-25 09:12:25', '2025-06-25 09:12:25', 'default', 0, 0, NULL, NULL),
(33, 12, '', 'A4', 'portrait', 'auto', 1, 0, 0, 0, 0, 0.00, '', '', '2025-06-25 09:13:28', '2025-06-25 09:13:28', 'default', 0, 0, NULL, NULL),
(34, 12, '', 'A4', 'portrait', 'auto', 1, 0, 0, 0, 0, 0.00, '', '', '2025-06-25 09:13:28', '2025-06-25 09:13:28', 'default', 0, 0, NULL, NULL),
(35, 13, '', 'A4', 'portrait', 'auto', 1, 0, 0, 0, 0, 0.00, '', '', '2025-06-25 09:13:57', '2025-06-25 09:13:57', 'default', 0, 0, NULL, NULL),
(36, 13, '', 'A4', 'portrait', 'auto', 1, 0, 0, 0, 0, 0.00, '', '', '2025-06-25 09:13:57', '2025-06-25 09:13:57', 'default', 0, 0, NULL, NULL),
(37, 14, '', 'A4', 'portrait', 'auto', 1, 0, 0, 0, 0, 0.00, '', '', '2025-06-25 09:18:17', '2025-06-25 09:18:17', 'default', 0, 0, NULL, NULL),
(38, 14, '', 'A4', 'portrait', 'auto', 1, 0, 0, 0, 0, 0.00, '', '', '2025-06-25 09:18:17', '2025-06-25 09:18:17', 'default', 0, 0, NULL, NULL),
(39, 15, '', 'A4', 'portrait', 'auto', 1, 0, 0, 0, 0, 0.00, '', '', '2025-06-25 09:22:44', '2025-06-25 09:22:44', 'default', 0, 0, NULL, NULL),
(40, 15, '', 'A4', 'portrait', 'auto', 1, 0, 0, 0, 0, 0.00, '', '', '2025-06-25 09:22:44', '2025-06-25 09:22:44', 'default', 0, 0, NULL, NULL),
(41, 16, '', 'A4', 'portrait', 'auto', 1, 0, 0, 0, 0, 0.00, '', '', '2025-06-25 09:25:27', '2025-06-25 09:25:27', 'default', 0, 0, NULL, NULL),
(42, 16, '', 'A4', 'portrait', 'auto', 1, 0, 0, 0, 0, 0.00, '', '', '2025-06-25 09:25:27', '2025-06-25 09:25:27', 'default', 0, 0, NULL, NULL),
(43, 17, '', 'A4', 'portrait', 'auto', 1, 0, 0, 0, 0, 0.00, '', '', '2025-06-25 09:27:42', '2025-06-25 09:27:42', 'default', 0, 0, NULL, NULL),
(44, 17, '', 'A4', 'portrait', 'auto', 1, 0, 0, 0, 0, 0.00, '', '', '2025-06-25 09:27:42', '2025-06-25 09:27:42', 'default', 0, 0, NULL, NULL),
(45, 18, '', 'A4', 'portrait', 'auto', 1, 0, 0, 0, 0, 0.00, '', '', '2025-06-25 09:33:36', '2025-06-25 09:33:36', 'default', 0, 0, NULL, NULL),
(46, 18, '', 'A4', 'portrait', 'auto', 1, 0, 0, 0, 0, 0.00, '', '', '2025-06-25 09:33:36', '2025-06-25 09:33:36', 'default', 0, 0, NULL, NULL),
(47, 19, '', 'A4', 'portrait', 'auto', 1, 0, 0, 0, 0, 0.00, '', '', '2025-06-25 09:47:45', '2025-06-25 09:47:45', 'default', 0, 0, NULL, NULL),
(48, 19, '', 'A4', 'portrait', 'auto', 1, 0, 0, 0, 0, 0.00, '', '', '2025-06-25 09:47:45', '2025-06-25 09:47:45', 'default', 0, 0, NULL, NULL),
(49, 20, '', 'A4', 'portrait', 'auto', 1, 0, 0, 0, 0, 3.01, '', '', '2025-06-25 11:20:18', '2025-06-25 11:20:18', 'default', 0, 0, NULL, NULL),
(50, 21, '', 'A4', 'portrait', 'auto', 1, 0, 0, 0, 0, 0.75, '', '', '2025-06-25 11:36:44', '2025-06-25 11:36:44', 'default', 0, 0, NULL, NULL),
(51, 21, '', 'A4', 'portrait', 'auto', 1, 0, 0, 0, 0, 24.00, '', '', '2025-06-25 11:36:44', '2025-06-25 11:36:44', 'default', 0, 0, NULL, NULL),
(52, 22, '', 'A4', 'portrait', 'auto', 1, 0, 0, 0, 0, 0.00, '', '', '2025-06-25 11:42:42', '2025-06-25 11:42:42', 'default', 0, 0, NULL, NULL),
(53, 22, '', 'A4', 'portrait', 'auto', 1, 0, 0, 0, 0, 0.00, '', '', '2025-06-25 11:42:42', '2025-06-25 11:42:42', 'default', 0, 0, NULL, NULL),
(54, 22, '', 'A4', 'portrait', 'auto', 1, 0, 0, 0, 0, 1.50, '', '', '2025-06-25 11:42:42', '2025-06-25 11:42:42', 'default', 0, 0, NULL, NULL),
(55, 22, '', 'A4', 'portrait', 'auto', 1, 0, 0, 0, 0, 0.00, '', '', '2025-06-25 11:42:42', '2025-06-25 11:42:42', 'default', 0, 0, NULL, NULL),
(56, 23, '', 'A4', 'portrait', 'auto', 1, 0, 0, 0, 0, 0.00, '', '', '2025-06-25 12:00:18', '2025-06-25 12:00:18', 'default', 0, 0, NULL, NULL),
(57, 23, '', 'A4', 'portrait', 'auto', 1, 0, 0, 0, 0, 0.00, '', '', '2025-06-25 12:00:18', '2025-06-25 12:00:18', 'default', 0, 0, NULL, NULL),
(58, 23, '', 'A4', 'portrait', 'auto', 1, 0, 0, 0, 0, 1.50, '', '', '2025-06-25 12:00:18', '2025-06-25 12:00:18', 'default', 0, 0, NULL, NULL),
(59, 23, '', 'A4', 'portrait', 'auto', 1, 0, 0, 0, 0, 0.00, '', '', '2025-06-25 12:00:18', '2025-06-25 12:00:18', 'default', 0, 0, NULL, NULL),
(60, 23, '', 'A4', 'portrait', 'auto', 1, 0, 0, 0, 0, 22.63, '', '', '2025-06-25 12:00:18', '2025-06-25 12:00:18', 'default', 0, 0, NULL, NULL),
(61, 23, '', 'A4', 'portrait', 'auto', 1, 0, 0, 0, 0, 0.00, '', '', '2025-06-25 12:00:18', '2025-06-25 12:00:18', 'default', 0, 0, NULL, NULL),
(62, 23, '', 'A4', 'portrait', 'auto', 1, 0, 0, 0, 0, 0.00, '', '', '2025-06-25 12:00:18', '2025-06-25 12:00:18', 'default', 0, 0, NULL, NULL),
(63, 23, '', 'A4', 'portrait', 'auto', 1, 0, 0, 0, 0, 0.00, '', '', '2025-06-25 12:00:18', '2025-06-25 12:00:18', 'default', 0, 0, NULL, NULL),
(64, 23, '', 'A4', 'portrait', 'auto', 1, 0, 0, 0, 0, 1.50, '', '', '2025-06-25 12:00:18', '2025-06-25 12:00:18', 'default', 0, 0, NULL, NULL),
(65, 23, '', 'A4', 'portrait', 'auto', 1, 0, 0, 0, 0, 1.25, '', '', '2025-06-25 12:00:18', '2025-06-25 12:00:18', 'default', 0, 0, NULL, NULL),
(66, 24, '', 'A4', 'portrait', 'auto', 1, 0, 0, 0, 0, 0.00, '', '', '2025-06-25 13:57:20', '2025-06-25 13:57:20', 'default', 0, 0, NULL, NULL),
(67, 24, '', 'A4', 'portrait', 'auto', 1, 0, 0, 0, 0, 1.25, '', '', '2025-06-25 13:57:20', '2025-06-25 13:57:20', 'default', 0, 0, NULL, NULL),
(68, 25, '', 'A4', 'portrait', 'auto', 1, 0, 0, 0, 0, 0.00, '', '', '2025-06-25 14:05:59', '2025-06-25 14:05:59', 'default', 0, 0, NULL, NULL),
(69, 25, '', 'A4', 'portrait', 'auto', 1, 0, 0, 0, 0, 1.25, '', '', '2025-06-25 14:05:59', '2025-06-25 14:05:59', 'default', 0, 0, NULL, NULL),
(70, 26, '', 'A4', 'portrait', 'auto', 1, 0, 0, 0, 0, 0.00, '', '', '2025-06-25 14:06:12', '2025-06-25 14:06:12', 'default', 0, 0, NULL, NULL),
(71, 26, '', 'A4', 'portrait', 'auto', 1, 0, 0, 0, 0, 1.25, '', '', '2025-06-25 14:06:12', '2025-06-25 14:06:12', 'default', 0, 0, NULL, NULL),
(72, 27, '', 'A4', 'portrait', 'auto', 1, 0, 0, 0, 0, 0.00, '', '', '2025-06-25 14:06:30', '2025-06-25 14:06:30', 'default', 0, 0, NULL, NULL),
(73, 27, '', 'A4', 'portrait', 'auto', 1, 0, 0, 0, 0, 1.25, '', '', '2025-06-25 14:06:30', '2025-06-25 14:06:30', 'default', 0, 0, NULL, NULL),
(74, 28, '', 'A4', 'portrait', 'auto', 1, 0, 0, 0, 0, 0.00, '', '', '2025-06-25 14:08:44', '2025-06-25 14:08:44', 'default', 0, 0, NULL, NULL),
(75, 28, '', 'A4', 'portrait', 'auto', 1, 0, 0, 0, 0, 1.25, '', '', '2025-06-25 14:08:44', '2025-06-25 14:08:44', 'default', 0, 0, NULL, NULL),
(76, 28, '', 'A4', 'portrait', 'auto', 1, 0, 0, 0, 0, 0.00, '', '', '2025-06-25 14:08:44', '2025-06-25 14:08:44', 'default', 0, 0, NULL, NULL),
(77, 28, '', 'A4', 'portrait', 'auto', 1, 0, 0, 0, 0, 0.00, '', '', '2025-06-25 14:08:44', '2025-06-25 14:08:44', 'default', 0, 0, NULL, NULL),
(78, 29, '', 'A4', 'portrait', 'auto', 1, 0, 0, 0, 0, 0.00, '', '', '2025-06-25 14:13:05', '2025-06-25 14:13:05', 'default', 0, 0, NULL, NULL),
(79, 29, '', 'A4', 'portrait', 'auto', 1, 0, 0, 0, 0, 1.25, '', '', '2025-06-25 14:13:05', '2025-06-25 14:13:05', 'default', 0, 0, NULL, NULL),
(80, 29, '', 'A4', 'portrait', 'auto', 1, 0, 0, 0, 0, 0.00, '', '', '2025-06-25 14:13:05', '2025-06-25 14:13:05', 'default', 0, 0, NULL, NULL),
(81, 29, '', 'A4', 'portrait', 'auto', 1, 0, 0, 0, 0, 0.00, '', '', '2025-06-25 14:13:05', '2025-06-25 14:13:05', 'default', 0, 0, NULL, NULL),
(82, 30, '', 'A4', 'portrait', 'auto', 1, 0, 0, 0, 0, 0.00, '', '', '2025-06-25 14:13:59', '2025-06-25 14:13:59', 'default', 0, 0, NULL, NULL),
(83, 30, '', 'A4', 'portrait', 'auto', 1, 0, 0, 0, 0, 1.25, '', '', '2025-06-25 14:13:59', '2025-06-25 14:13:59', 'default', 0, 0, NULL, NULL),
(84, 30, '', 'A4', 'portrait', 'auto', 1, 0, 0, 0, 0, 0.00, '', '', '2025-06-25 14:13:59', '2025-06-25 14:13:59', 'default', 0, 0, NULL, NULL),
(85, 30, '', 'A4', 'portrait', 'auto', 1, 0, 0, 0, 0, 0.00, '', '', '2025-06-25 14:13:59', '2025-06-25 14:13:59', 'default', 0, 0, NULL, NULL),
(86, 31, '', 'A4', 'portrait', 'auto', 1, 0, 0, 0, 0, 0.00, '', '', '2025-06-25 14:16:09', '2025-06-25 14:16:09', 'default', 0, 0, NULL, NULL),
(87, 31, '', 'A4', 'portrait', 'auto', 1, 0, 0, 0, 0, 1.25, '', '', '2025-06-25 14:16:09', '2025-06-25 14:16:09', 'default', 0, 0, NULL, NULL),
(88, 31, '', 'A4', 'portrait', 'auto', 1, 0, 0, 0, 0, 0.00, '', '', '2025-06-25 14:16:09', '2025-06-25 14:16:09', 'default', 0, 0, NULL, NULL),
(89, 31, '', 'A4', 'portrait', 'auto', 1, 0, 0, 0, 0, 0.00, '', '', '2025-06-25 14:16:09', '2025-06-25 14:16:09', 'default', 0, 0, NULL, NULL),
(90, 32, '', 'A4', 'portrait', 'auto', 1, 0, 0, 0, 0, 0.00, '', '', '2025-06-25 14:21:33', '2025-06-25 14:21:33', 'default', 0, 0, NULL, NULL),
(91, 32, '', 'A4', 'portrait', 'auto', 1, 0, 0, 0, 0, 1.25, '', '', '2025-06-25 14:21:33', '2025-06-25 14:21:33', 'default', 0, 0, NULL, NULL),
(92, 32, '', 'A4', 'portrait', 'auto', 1, 0, 0, 0, 0, 0.00, '', '', '2025-06-25 14:21:33', '2025-06-25 14:21:33', 'default', 0, 0, NULL, NULL),
(93, 32, '', 'A4', 'portrait', 'auto', 1, 0, 0, 0, 0, 0.00, '', '', '2025-06-25 14:21:33', '2025-06-25 14:21:33', 'default', 0, 0, NULL, NULL),
(94, 32, '', 'A4', 'portrait', 'auto', 1, 0, 0, 0, 0, 1.25, '', '', '2025-06-25 14:21:33', '2025-06-25 14:21:33', 'default', 0, 0, NULL, NULL),
(95, 32, '', 'A4', 'portrait', 'auto', 1, 0, 0, 0, 0, 0.00, '', '', '2025-06-25 14:21:33', '2025-06-25 14:21:33', 'default', 0, 0, NULL, NULL),
(96, 33, '', 'A4', 'portrait', 'auto', 1, 0, 0, 0, 0, 0.00, '', '', '2025-06-25 14:32:36', '2025-06-25 14:32:36', 'default', 0, 0, NULL, NULL),
(97, 33, '', 'A4', 'portrait', 'auto', 1, 0, 0, 0, 0, 1.25, '', '', '2025-06-25 14:32:36', '2025-06-25 14:32:36', 'default', 0, 0, NULL, NULL),
(98, 33, '', 'A4', 'portrait', 'auto', 1, 0, 0, 0, 0, 0.00, '', '', '2025-06-25 14:32:36', '2025-06-25 14:32:36', 'default', 0, 0, NULL, NULL),
(99, 33, '', 'A4', 'portrait', 'auto', 1, 0, 0, 0, 0, 0.00, '', '', '2025-06-25 14:32:36', '2025-06-25 14:32:36', 'default', 0, 0, NULL, NULL),
(100, 33, '', 'A4', 'portrait', 'auto', 1, 0, 0, 0, 0, 1.25, '', '', '2025-06-25 14:32:36', '2025-06-25 14:32:36', 'default', 0, 0, NULL, NULL),
(101, 33, '', 'A4', 'portrait', 'auto', 1, 0, 0, 0, 0, 0.00, '', '', '2025-06-25 14:32:36', '2025-06-25 14:32:36', 'default', 0, 0, NULL, NULL),
(102, 34, '', 'A4', 'portrait', 'auto', 1, 0, 0, 0, 0, 0.75, '', '', '2025-06-25 14:47:22', '2025-06-25 14:47:22', 'default', 0, 0, NULL, NULL),
(103, 35, '', 'A4', 'portrait', 'auto', 1, 0, 0, 0, 0, 0.00, '', '', '2025-06-25 17:24:56', '2025-06-25 17:24:56', 'default', 0, 0, NULL, NULL),
(104, 36, '', 'A4', 'portrait', 'auto', 1, 0, 0, 0, 0, 0.00, '', '', '2025-06-25 17:26:39', '2025-06-25 17:26:39', 'default', 0, 0, NULL, NULL),
(105, 36, '', 'A4', 'portrait', 'auto', 1, 0, 0, 0, 0, 0.00, '', '', '2025-06-25 17:26:39', '2025-06-25 17:26:39', 'default', 0, 0, NULL, NULL),
(106, 37, '', 'A4', 'portrait', 'auto', 1, 0, 0, 0, 0, 0.00, '', '', '2025-06-25 19:16:44', '2025-06-25 19:16:44', 'default', 0, 0, NULL, NULL),
(107, 37, '', 'A4', 'portrait', 'auto', 1, 0, 0, 0, 0, 0.00, '', '', '2025-06-25 19:16:44', '2025-06-25 19:16:44', 'default', 0, 0, NULL, NULL),
(108, 41, '', 'A4', 'portrait', 'auto', 1, 0, 7, 7, 0, 5.25, '1066593', '', '2025-06-25 19:24:39', '2025-06-25 19:24:39', 'default', 0, 0, NULL, NULL),
(109, 42, '685c4de2336b6_to_be_fixed_for_advertcamp.pdf', 'A4', 'portrait', 'auto', 1, 0, 5, 4, 1, 3.50, '703282', '', '2025-06-25 19:28:53', '2025-06-25 19:40:20', 'default', 0, 0, NULL, NULL),
(110, 43, 'uploads/685c4f0e68064_to_be_fixed_for_advertcamp.pdf', 'A4', 'portrait', 'auto', 1, 0, 5, 4, 1, 3.50, '703282', '', '2025-06-25 19:34:43', '2025-06-25 19:34:43', 'default', 0, 0, NULL, NULL),
(111, 44, '685c51e2996c8_c.a.333_2024_23092024.pdf', 'A4', 'portrait', 'auto', 1, 0, 70, 0, 70, 10.50, '268202', '', '2025-06-25 19:46:02', '2025-06-25 19:46:02', 'default', 0, 0, NULL, NULL),
(112, 45, '685c534bcc5d3_Comments_2025-03-26.pdf', 'A4', 'portrait', 'auto', 1, 0, 8, 8, 0, 6.00, '631031', '', '2025-06-25 19:51:49', '2025-06-25 19:51:49', 'default', 0, 0, NULL, NULL),
(113, 46, '685c5352b6e23_Printer_Project.pdf', 'A4', 'portrait', 'auto', 1, 0, 2, 1, 1, 1.25, '71483', '', '2025-06-25 19:53:12', '2025-06-25 19:53:12', 'default', 0, 0, NULL, NULL),
(114, 46, '685c5353454c6_Tester_06.pdf', 'A4', 'portrait', 'auto', 1, 0, 1, 1, 0, 0.75, '93567', '', '2025-06-25 19:53:12', '2025-06-25 19:53:12', 'default', 0, 0, NULL, NULL),
(115, 46, '685c5354e9af1_Testmarge.pdf', 'A4', 'portrait', 'auto', 1, 0, 4, 4, 0, 3.00, '186237', '', '2025-06-25 19:53:12', '2025-06-25 19:53:12', 'default', 0, 0, NULL, NULL),
(116, 46, '685c5378420b7_Printer_Project.pdf', 'A4', 'portrait', 'auto', 1, 0, 2, 1, 1, 1.25, '71483', '', '2025-06-25 19:53:12', '2025-06-25 19:53:12', 'default', 0, 0, NULL, NULL),
(117, 46, '685c53791f134_Tester_06.pdf', 'A4', 'portrait', 'auto', 1, 0, 1, 1, 0, 0.75, '93567', '', '2025-06-25 19:53:12', '2025-06-25 19:53:12', 'default', 0, 0, NULL, NULL),
(118, 46, '685c537a315cb_Testmarge.pdf', 'A4', 'portrait', 'auto', 1, 0, 4, 4, 0, 3.00, '186237', '', '2025-06-25 19:53:12', '2025-06-25 19:53:12', 'default', 0, 0, NULL, NULL),
(119, 47, '685c573c9bdf5_Text_-_Copy.pdf', 'A4', 'portrait', 'auto', 1, 0, 2, 2, 0, 1.50, '69064', '', '2025-06-25 20:08:45', '2025-06-25 20:08:45', 'default', 0, 0, NULL, NULL),
(120, 48, '685c90ef3b140_facture_commande_58.pdf', 'A4', 'portrait', 'auto', 1, 0, 1, 0, 1, 0.50, '2089', '', '2025-06-26 00:14:47', '2025-06-26 00:14:47', 'default', 0, 0, NULL, NULL),
(121, 49, '685cddec4e65f_cahier_des_charges_ERP1.pdf', 'A4', 'portrait', 'auto', 1, 0, 40, 40, 0, 24.00, '771723', '', '2025-06-26 05:43:44', '2025-06-26 05:43:44', 'default', 0, 0, NULL, NULL),
(122, 50, '685cf22f040f4_Extrait_de_comptes_Compte_08911_000203777_01_C_C_Eurocompte_PRO_Confort_SAS_ARDECHE_LASER_CREATION_au_2024-01-01.pdf', 'A4', 'portrait', 'auto', 1, 0, 6, 6, 0, 4.50, '33594', '', '2025-06-26 07:09:50', '2025-06-26 07:09:50', 'default', 0, 0, NULL, NULL),
(123, 51, '685e3773b97ad_Tester_06.pdf', 'A4', 'portrait', 'auto', 1, 0, 1, 1, 0, 0.75, '93567', '', '2025-06-27 06:17:53', '2025-06-27 06:17:53', 'default', 0, 0, NULL, NULL),
(124, 52, '685ea313bf591_Printer_Project.pdf', 'A4', 'portrait', 'auto', 1, 0, 2, 1, 1, 1.25, '71483', '', '2025-06-27 13:56:51', '2025-06-27 13:56:51', 'default', 0, 0, NULL, NULL),
(125, 53, '685eec40eb860_H_uni.pdf', 'A4', 'portrait', 'auto', 1, 0, 1, 1, 0, 0.75, '319727', '', '2025-06-27 19:09:22', '2025-06-27 19:09:22', 'default', 0, 0, NULL, NULL),
(126, 54, '685eee6a52c74_TowTruckApp_Proposal.pdf', 'A4', 'portrait', 'auto', 1, 0, 3, 0, 3, 0.76, '98534', '', '2025-06-27 19:19:25', '2025-06-27 19:19:25', 'default', 0, 0, NULL, NULL),
(127, 55, '685eef61eb6be_anew_Brain_Tumor_Detection_PPT.pdf', 'A4', 'portrait', 'auto', 1, 0, 0, 0, 0, 0.00, '2048670', '', '2025-06-27 19:22:36', '2025-06-27 19:22:36', 'default', 0, 0, NULL, NULL),
(128, 56, '685fcc7926c1b_TowTruckApp_MVP_Proposal.pdf', 'A4', 'portrait', 'auto', 1, 0, 3, 0, 3, 0.76, '3408', '', '2025-06-28 11:05:43', '2025-06-28 11:05:43', 'default', 0, 0, NULL, NULL),
(129, 57, '685fcfdae6330_Printer.pdf', 'A4', 'portrait', 'auto', 1, 0, 2, 1, 1, 1.25, '71483', '', '2025-06-28 11:20:48', '2025-06-28 11:20:48', 'default', 0, 0, NULL, NULL),
(130, 58, '685fd1b611f55_Tester_06.pdf', 'A4', 'portrait', 'auto', 1, 0, 1, 1, 0, 0.75, '93567', '', '2025-06-28 11:28:01', '2025-06-28 11:28:01', 'default', 0, 0, NULL, NULL),
(131, 59, '685fcc7926c1b_TowTruckApp_MVP_Proposal.pdf', 'A4', 'portrait', 'auto', 1, 0, 3, 0, 3, 0.76, '3408', '', '2025-06-28 11:31:44', '2025-06-28 11:31:44', 'default', 0, 0, NULL, NULL),
(132, 59, '685fd22547143_ABDUL_HASEEB.pdf', 'A4', 'portrait', 'auto', 1, 0, 3, 0, 3, 0.00, '98534', '', '2025-06-28 11:31:44', '2025-06-28 11:31:44', 'default', 0, 0, NULL, NULL),
(133, 60, '685fefefac3ba_facture_commande_58.pdf', 'A4', 'portrait', 'auto', 1, 0, 1, 0, 1, 0.50, '2089', '', '2025-06-28 13:36:55', '2025-06-28 13:36:55', 'default', 0, 0, NULL, NULL),
(134, 61, '685ff58785c82_Printer.pdf', 'A4', 'portrait', 'auto', 1, 0, 2, 1, 1, 1.25, '71483', '', '2025-06-28 14:00:54', '2025-06-28 14:00:54', 'default', 0, 0, NULL, NULL),
(135, 62, '685ff7337d9fe_red.pdf', 'A4', 'portrait', 'auto', 1, 0, 1, 1, 0, 0.75, '109100', '', '2025-06-28 14:08:01', '2025-06-28 14:08:01', 'default', 0, 0, NULL, NULL),
(136, 63, '68601c04ba83c_red.pdf', 'A4', 'portrait', 'auto', 1, 0, 1, 1, 0, 0.75, '109100', '', '2025-06-28 16:45:04', '2025-06-28 16:45:04', 'default', 0, 0, NULL, NULL),
(137, 64, '686023f15fcc3_Tester_06.pdf', 'A4', 'portrait', 'auto', 1, 0, 1, 1, 0, 0.75, '93567', '', '2025-06-28 17:18:55', '2025-06-28 17:18:55', 'default', 0, 0, NULL, NULL),
(138, 65, '686024bf587c0_Testmarge.pdf', 'A4', 'portrait', 'auto', 1, 0, 4, 4, 0, 3.00, '186237', '', '2025-06-28 17:22:21', '2025-06-28 17:22:21', 'default', 0, 0, NULL, NULL),
(139, 66, '686027623ef1a_Testmarges.pdf', 'A4', 'portrait', 'auto', 1, 0, 1, 1, 0, 0.75, '28698', '', '2025-06-28 17:33:39', '2025-06-28 17:33:39', 'default', 0, 0, NULL, NULL),
(140, 67, '68603298bd11c_Tester_06.pdf', 'A4', 'portrait', 'auto', 1, 0, 1, 1, 0, 0.75, '93567', '', '2025-06-28 18:21:25', '2025-06-28 18:21:25', 'default', 0, 0, NULL, NULL),
(141, 68, '68603fb1c172c_bcc6-exercises-after-breast-cancer-surgery.pdf', 'A4', 'portrait', 'color', 1, 0, 13, 13, 0, 9.05, '578955', '', '2025-06-28 19:17:15', '2025-06-28 19:17:15', 'default', 0, 0, NULL, NULL),
(142, 69, '68603fda29f57_bcc6-exercises-after-breast-cancer-surgery.pdf', 'A4', 'portrait', 'color', 1, 0, 13, 13, 0, 1.95, '578955', '', '2025-06-28 19:17:56', '2025-06-28 19:17:56', 'default', 0, 0, NULL, NULL),
(143, 70, '6860cc2323041_fees.muet.edu.pk_receipts_output_challans_print.php_a=print&selection[0]=437492.pdf', 'A4', 'portrait', 'color', 1, 0, 2, 1, 1, 1.25, '153411', '', '2025-06-29 05:17:14', '2025-06-29 05:17:14', 'default', 0, 0, NULL, NULL),
(144, 70, '6860cc4137414_fees.muet.edu.pk_receipts_output_challans_print.php_a=print&selection[0]=437492.pdf', 'A4', 'portrait', 'color', 1, 0, 2, 1, 1, 1.25, '153411', '', '2025-06-29 05:17:14', '2025-06-29 05:17:14', 'default', 0, 0, NULL, NULL),
(145, 70, '6860cc4c0654e_fees.muet.edu.pk_receipts_output_challans_print.php_a=print&selection[0]=437492.pdf', 'A4', 'portrait', 'color', 1, 0, 2, 1, 1, 1.25, '153411', '', '2025-06-29 05:17:14', '2025-06-29 05:17:14', 'default', 0, 0, NULL, NULL),
(146, 71, '6860cd76ca76b_fees.muet.edu.pk_receipts_output_challans_print.php_a=print&selection[0]=437492.pdf', 'A4', 'portrait', 'color', 1, 0, 2, 1, 1, 1.01, '153411', '', '2025-06-29 05:22:08', '2025-06-29 05:22:08', 'default', 0, 0, NULL, NULL),
(147, 72, '6860cddbb55f6_fees.muet.edu.pk_receipts_output_challans_print.php_a=print&selection[0]=437492.pdf', 'A4', 'portrait', 'color', 1, 0, 2, 1, 1, 1.01, '153411', '', '2025-06-29 05:23:48', '2025-06-29 05:23:48', 'default', 0, 0, NULL, NULL),
(148, 73, '6860ce80e950c_ABDUL_HASEEB.pdf', 'A4', 'portrait', 'bw', 1, 0, 3, 0, 3, 0.76, '98534', '', '2025-06-29 05:26:30', '2025-06-29 05:26:30', 'default', 0, 0, NULL, NULL),
(149, 74, '6860cfa875718_fees.muet.edu.pk_receipts_output_challans_print.php_a=print&selection[0]=437492.pdf', 'A4', 'portrait', 'color', 1, 0, 2, 1, 1, 1.25, '153411', '', '2025-06-29 05:31:26', '2025-06-29 05:31:26', 'default', 0, 0, NULL, NULL),
(150, 75, '6860d09c268d9_fees.muet.edu.pk_receipts_output_challans_print.php_a=print&selection[0]=437492.pdf', 'A4', 'portrait', 'color', 1, 0, 2, 1, 1, 1.25, '153411', '', '2025-06-29 05:35:29', '2025-06-29 05:35:29', 'default', 0, 0, NULL, NULL),
(151, 76, '6860d18f625c4_fees.muet.edu.pk_receipts_output_challans_print.php_a=print&selection[0]=437492.pdf', 'A4', 'portrait', 'color', 1, 0, 2, 1, 1, 1.25, '153411', '', '2025-06-29 05:39:34', '2025-06-29 05:39:34', 'default', 0, 0, NULL, NULL),
(152, 77, '6860d1b340040_fees.muet.edu.pk_receipts_output_challans_print.php_a=print&selection[0]=437492.pdf', 'A4', 'portrait', 'color', 1, 0, 2, 1, 1, 1.25, '153411', '', '2025-06-29 05:40:09', '2025-06-29 05:40:09', 'default', 0, 0, NULL, NULL),
(153, 78, '6860d6b8e3d05_autorisation_parental_juil_2025-1.pdf', 'A4', 'portrait', 'color', 1, 0, 1, 1, 0, 0.75, '166542', '', '2025-06-29 06:02:10', '2025-06-29 06:02:10', 'default', 0, 0, NULL, NULL),
(154, 79, '68617f0cbde36_bcc6-exercises-after-breast-cancer-surgery.pdf', 'A4', 'portrait', 'color', 1, 0, 13, 13, 0, 1.95, '578955', '', '2025-06-29 17:59:53', '2025-06-29 17:59:53', 'default', 0, 0, NULL, NULL),
(155, 80, '68617fd9159d7_bcc6-exercises-after-breast-cancer-surgery.pdf', 'A4', 'portrait', 'color', 1, 0, 13, 13, 0, 1.95, '578955', '', '2025-06-29 18:03:14', '2025-06-29 18:03:14', 'default', 0, 0, NULL, NULL),
(156, 81, '6861811fef532_bcc6-exercises-after-breast-cancer-surgery.pdf', 'A4', 'portrait', 'color', 1, 0, 13, 13, 0, 9.05, '578955', '', '2025-06-29 18:09:02', '2025-06-29 18:09:02', 'default', 0, 0, NULL, NULL),
(157, 83, '686181c23c295_bcc6-exercises-after-breast-cancer-surgery.pdf', 'A4', 'portrait', 'color', 1, 0, 13, 13, 0, 9.05, '578955', '', '2025-06-29 18:14:51', '2025-06-29 18:14:51', 'default', 0, 0, NULL, NULL),
(158, 83, '686181d8e33d3_bcc6-exercises-after-breast-cancer-surgery.pdf', 'A4', 'portrait', 'color', 1, 0, 13, 13, 0, 9.05, '578955', '', '2025-06-29 18:14:51', '2025-06-29 18:14:51', 'default', 0, 0, NULL, NULL),
(159, 83, '686181e4f107a_bcc6-exercises-after-breast-cancer-surgery.pdf', 'A4', 'portrait', 'bw', 1, 0, 13, 13, 0, 1.95, '578955', '', '2025-06-29 18:14:51', '2025-06-29 18:14:51', 'default', 0, 0, NULL, NULL),
(160, 84, '686182cf43c16_bcc6-exercises-after-breast-cancer-surgery.pdf', 'A4', 'portrait', 'bw', 1, 0, 13, 13, 0, 1.95, '578955', '', '2025-06-29 18:15:57', '2025-06-29 18:15:57', 'default', 0, 0, NULL, NULL),
(161, 85, '6862608eb30e4_Printer.pdf', 'A4', 'portrait', 'color', 1, 0, 2, 1, 1, 1.25, '71483', '', '2025-06-30 10:02:25', '2025-06-30 10:02:25', 'default', 0, 0, NULL, NULL),
(162, 86, '68626898d1ccd_Facture_ticket_6540_(Caisse_1)_06_27_2025_10_34.pdf', 'A4', 'portrait', 'color', 1, 0, 1, 1, 0, 0.75, '285664', '', '2025-06-30 10:36:15', '2025-06-30 10:36:15', 'default', 0, 0, NULL, NULL),
(163, 87, '686289c7cb2f6_Bulletin_de_salaire_OB_recap_Mai_2024_à_Avril_2025.pdf', 'A4', 'portrait', 'bw', 1, 0, 12, 12, 0, 0.50, '753180', '', '2025-06-30 12:57:48', '2025-06-30 12:57:48', 'default', 0, 0, NULL, NULL),
(164, 88, '68628d868b9b3_Facture_ticket_6540_(Caisse_1)_06_27_2025_10_34.pdf', 'A4', 'portrait', 'color', 1, 0, 1, 1, 0, 0.75, '285664', '', '2025-06-30 13:13:48', '2025-06-30 13:13:48', 'default', 0, 0, NULL, NULL),
(165, 89, '6862a3923225e_bcc6-exercises-after-breast-cancer-surgery.pdf', 'A4', 'portrait', 'color', 1, 0, 13, 13, 0, 9.05, '578955', '', '2025-06-30 14:47:56', '2025-06-30 14:47:56', 'default', 0, 0, NULL, NULL),
(166, 90, '68638228e23ee_Suivi_d\'itinéraire_vert_correction.pdf', 'A4', 'portrait', 'color', 1, 0, 1, 1, 0, 0.75, '1688598', '', '2025-07-01 06:37:37', '2025-07-01 06:37:37', 'default', 0, 0, NULL, NULL),
(167, 91, '68638e39abf6f_Certificat_de_scolarité_de_GALIA_Chloé.pdf', 'A4', 'portrait', 'color', 1, 0, 1, 0, 1, 0.50, '24823', '', '2025-07-01 07:29:24', '2025-07-01 07:29:24', 'default', 0, 0, NULL, NULL),
(168, 91, '68638e3a11f42_billet_artms.pdf', 'A4', 'portrait', 'color', 1, 0, 1, 1, 0, 0.75, '70207', '', '2025-07-01 07:29:24', '2025-07-01 07:29:24', 'default', 0, 0, NULL, NULL),
(169, 91, '68638e3b3eda2_userGuide117981.pdf', 'A4', 'portrait', 'color', 1, 0, 28, 28, 0, 1.50, '667831', '', '2025-07-01 07:29:24', '2025-07-01 07:29:24', 'default', 0, 0, NULL, NULL),
(170, 92, '68638fd2dd93f_Atelier_5_Krealys_-_argumentation_commercial.pdf', 'A4', 'portrait', 'color', 1, 0, 2, 1, 1, 0.75, '281634', '', '2025-07-01 07:36:03', '2025-07-01 07:36:03', 'default', 0, 0, NULL, NULL),
(171, 93, '686396a34a3df_Atelier_5_Krealys_-_argumentation_commercial.pdf', 'A4', 'portrait', 'color', 1, 0, 2, 1, 1, 1.25, '281634', '', '2025-07-01 08:05:05', '2025-07-01 08:05:05', 'default', 0, 0, NULL, NULL),
(172, 94, '68639789da49d_Atelier_5_Krealys_-_argumentation_commercial.pdf', 'A4', 'portrait', 'bw', 1, 0, 2, 1, 1, 1.01, '281634', '', '2025-07-01 08:08:53', '2025-07-01 08:08:53', 'default', 0, 0, NULL, NULL),
(173, 95, '6863d225ca663_6pages.pdf', 'A4', 'portrait', 'color', 1, 0, 6, 0, 6, 1.51, '18593', '', '2025-07-01 12:19:21', '2025-07-01 12:19:21', 'default', 0, 0, NULL, NULL),
(174, 96, '6863d225ca663_6pages.pdf', 'A4', 'portrait', 'color', 1, 0, 6, 0, 6, 1.51, '18593', '', '2025-07-01 12:20:13', '2025-07-01 12:20:13', 'default', 0, 0, NULL, NULL),
(175, 97, '6863d225ca663_6pages.pdf', 'A4', 'portrait', 'color', 1, 0, 6, 0, 6, 1.51, '18593', '', '2025-07-01 12:20:34', '2025-07-01 12:20:34', 'default', 0, 0, NULL, NULL),
(176, 98, '6863d34545231_Text_-_Copy.pdf', 'A4', 'portrait', 'color', 1, 0, 2, 2, 0, 1.50, '69064', '', '2025-07-01 12:23:46', '2025-07-01 12:23:46', 'default', 0, 0, NULL, NULL),
(177, 99, '6863d441487dd_Text.pdf', 'A4', 'portrait', 'color', 1, 0, 2, 2, 0, 1.50, '69064', '', '2025-07-01 12:28:00', '2025-07-01 12:28:00', 'default', 0, 0, NULL, NULL),
(178, 100, '6863d7f40d1ef_Sales_-_Copy.pdf', 'A4', 'portrait', 'color', 1, 0, 2, 2, 0, 1.50, '80265', '', '2025-07-01 12:43:45', '2025-07-01 12:43:45', 'default', 0, 0, NULL, NULL),
(179, 101, '6864e1232a836_Sales.pdf', 'A4', 'portrait', 'color', 1, 0, 2, 2, 0, 0.75, '80265', '', '2025-07-02 07:35:17', '2025-07-02 07:35:17', 'default', 0, 0, NULL, NULL),
(180, 102, '6864fed7ad281_JAS-DE-GAGNAIRE-2020.PDF', 'A4', 'portrait', 'color', 1, 0, 1, 1, 0, 1.50, '1207769', '', '2025-07-02 09:41:49', '2025-07-02 09:41:49', 'default', 0, 0, NULL, NULL),
(181, 103, '6865636f5de25_Text_-_Copy.pdf', 'A4', 'portrait', 'color', 1, 0, 2, 2, 0, 1.50, '69064', '', '2025-07-02 16:51:26', '2025-07-02 16:51:26', 'default', 0, 0, NULL, NULL),
(182, 104, '686563e442a53_Text.pdf', 'A4', 'portrait', 'color', 1, 0, 2, 2, 0, 1.50, '69064', '', '2025-07-02 16:53:07', '2025-07-02 16:53:07', 'default', 0, 0, NULL, NULL),
(183, 105, '68657bb380e7f_FACTURE-25-05-16-MESANGES-GESTION-SAS.pdf', 'A4', 'portrait', 'color', 1, 0, 2, 2, 0, 0.75, '58352', '', '2025-07-02 18:35:03', '2025-07-02 18:35:03', 'default', 0, 0, NULL, NULL),
(184, 106, '686683b374012_JAS-DE-GAGNAIRE-2020.PDF', 'A4', 'portrait', 'color', 1, 0, 1, 1, 0, 1.50, '1207769', '', '2025-07-03 13:22:08', '2025-07-03 13:22:08', 'default', 0, 0, NULL, NULL),
(185, 107, '686685786e540_test_A3.pdf', 'A4', 'portrait', 'color', 1, 0, 1, 1, 0, 1.50, '357201', '', '2025-07-03 13:28:49', '2025-07-03 13:28:49', 'default', 0, 0, NULL, NULL),
(186, 108, '68676caedce10_USR_Music_Ltd_Quote_(2).pdf', 'A4', 'portrait', 'color', 1, 0, 1, 1, 0, 0.75, '32851', '', '2025-07-04 05:55:24', '2025-07-04 05:55:24', 'default', 0, 0, NULL, NULL),
(187, 109, '6867710655ce1_USR_Music_Ltd_Quote_(2).pdf', 'A4', 'portrait', 'color', 1, 0, 1, 1, 0, 0.75, '32851', '', '2025-07-04 06:13:35', '2025-07-04 06:13:35', 'default', 0, 0, NULL, NULL),
(188, 110, '686779f387446_DP_MOD_COMPILEE_&_SIGNEE_A3.pdf', 'A4', 'portrait', 'color', 1, 0, 2, 2, 0, 6.00, '1153326', '', '2025-07-04 06:52:28', '2025-07-04 06:52:28', 'default', 0, 0, NULL, NULL),
(189, 111, '686985546ca39_bericht.pdf', 'A4', 'portrait', 'color', 1, 0, 14, 14, 0, 2.25, '837233', '', '2025-07-05 20:04:42', '2025-07-05 20:04:42', 'default', 0, 0, NULL, NULL),
(190, 112, '6869899e2d700_bericht.pdf', 'A4', 'portrait', 'color', 1, 0, 14, 14, 0, 3.75, '837233', '', '2025-07-05 20:23:18', '2025-07-05 20:23:18', 'default', 0, 0, NULL, NULL),
(191, 113, '686989c4e2fae_LISTE_DECORALU.pdf', 'A4', 'portrait', 'color', 1, 0, 11, 11, 0, 1.50, '1431944', '', '2025-07-05 20:24:36', '2025-07-05 20:24:36', 'default', 0, 0, NULL, NULL),
(192, 114, '6869b6a009970_bericht.pdf', 'A3', 'portrait', 'bw', 1, 1, 5, 5, 0, 1.02, '837233', '', '2025-07-05 23:35:01', '2025-07-05 23:35:01', 'default', 0, 0, NULL, NULL),
(193, 115, '686a039ae1d63_Testmarge.pdf', 'A4', 'portrait', 'color', 1, 1, 2, 2, 0, 1.50, '186237', '', '2025-07-06 05:03:39', '2025-07-06 05:03:39', 'default', 0, 0, NULL, NULL),
(194, 116, '686a04975fb87_Testmarge.pdf', 'A4', 'portrait', 'color', 1, 0, 4, 4, 0, 3.00, '186237', '', '2025-07-06 05:07:57', '2025-07-06 05:07:57', 'default', 0, 0, NULL, NULL);

-- --------------------------------------------------------

--
-- Table structure for table `pages`
--

CREATE TABLE `pages` (
  `id` int(11) NOT NULL,
  `title` varchar(255) NOT NULL,
  `slug` varchar(255) NOT NULL,
  `content` longtext DEFAULT NULL,
  `meta_title` varchar(255) DEFAULT NULL,
  `meta_description` text DEFAULT NULL,
  `meta_image` varchar(255) DEFAULT NULL,
  `keywords` varchar(255) DEFAULT NULL,
  `created_at` timestamp NULL DEFAULT current_timestamp(),
  `updated_at` timestamp NULL DEFAULT current_timestamp() ON UPDATE current_timestamp()
) ENGINE=InnoDB DEFAULT CHARSET=utf8mb3 COLLATE=utf8mb3_general_ci;

--
-- Dumping data for table `pages`
--

INSERT INTO `pages` (`id`, `title`, `slug`, `content`, `meta_title`, `meta_description`, `meta_image`, `keywords`, `created_at`, `updated_at`) VALUES
(5, 'TTUE', 'ttue', 'dezeeee', 'dedede', 'dedede', NULL, NULL, '2025-03-19 12:14:06', '2025-03-19 12:15:38'),
(6, 'CGV', 'cgv', '<p><b>frrrtre<br></b><span style=\"font-family: Helvetica;\">﻿<span style=\"background-color: rgb(0, 255, 0);\">vcrfrrrrr</span></span><b><br></b></p>', 'deeede', 'azsadzd', NULL, NULL, '2025-03-19 12:16:22', '2025-03-19 12:16:22'),
(9, 'Photocall Raid\'O\'Féminin', 'photocall-raidofeminin', '<p>vhhsfgqshdf</p>', NULL, NULL, NULL, NULL, '2025-05-21 12:23:42', '2025-05-21 12:23:42');
INSERT INTO `pages` (`id`, `title`, `slug`, `content`, `meta_title`, `meta_description`, `meta_image`, `keywords`, `created_at`, `updated_at`) VALUES
(12, 'Impression et numérisation', 'impression-et-numerisation', '<span id=\"docs-internal-guid-1eea03ab-7fff-10e9-5737-bd1f10c46486\"><h2 style=\"text-align: center; line-height: 1.38; margin-top: 12pt; margin-bottom: 12pt;\"></h2><h3 style=\"text-align: center;\">Impression :</h3><span id=\"docs-internal-guid-1eea03ab-7fff-10e9-5737-bd1f10c46486\" style=\"box-sizing: border-box; color: rgb(0, 0, 0); font-family: Nunito, &quot;Segoe UI&quot;, arial; font-size: 14px; font-style: normal; font-variant-ligatures: normal; font-variant-caps: normal; font-weight: 400; letter-spacing: normal; orphans: 2; text-align: left; text-indent: 0px; text-transform: none; widows: 2; word-spacing: 0px; -webkit-text-stroke-width: 0px; white-space: normal; text-decoration-thickness: initial; text-decoration-style: initial; text-decoration-color: initial;\"><h2 style=\"box-sizing: border-box; margin-top: 12pt; margin-bottom: 12pt; font-weight: 700; line-height: 1.38; font-size: 2rem; text-align: center;\"><span style=\"box-sizing: border-box; background-color: transparent; font-size: 11pt; font-family: Arial, sans-serif; font-variant-numeric: normal; font-variant-east-asian: normal; font-variant-alternates: normal; font-variant-position: normal; font-variant-emoji: normal; vertical-align: baseline; white-space-collapse: preserve;\"></span></h2><p dir=\"ltr\" style=\"box-sizing: border-box; margin-top: 12pt; margin-bottom: 12pt; line-height: 1.38;\"><span style=\"box-sizing: border-box; font-size: 11pt; font-family: Arial, sans-serif; font-variant-numeric: normal; font-variant-east-asian: normal; font-variant-alternates: normal; font-variant-position: normal; font-variant-emoji: normal; vertical-align: baseline; white-space-collapse: preserve;\">A La P’tite Imprimerie, grâce à des équipements performants, nous imprimons vos documents avec précision et rapidité</span><span style=\"box-sizing: border-box; font-size: 11pt; font-family: Arial, sans-serif; font-variant-numeric: normal; font-variant-east-asian: normal; font-variant-alternates: normal; font-variant-position: normal; font-variant-emoji: normal; vertical-align: baseline; white-space-collapse: preserve;\">. </span><span style=\"box-sizing: border-box; font-size: 11pt; font-family: Arial, sans-serif; font-variant-numeric: normal; font-variant-east-asian: normal; font-variant-alternates: normal; font-variant-position: normal; font-variant-emoji: normal; vertical-align: baseline; white-space-collapse: preserve;\">Nous vous proposons un service d’impression de haute qualité, adapté à tous vos besoins professionnels et personnels</span><span style=\"box-sizing: border-box; font-size: 11pt; font-family: Arial, sans-serif; font-variant-numeric: normal; font-variant-east-asian: normal; font-variant-alternates: normal; font-variant-position: normal; font-variant-emoji: normal; vertical-align: baseline; white-space-collapse: preserve;\">.</span><span style=\"box-sizing: border-box; font-size: 11pt; font-family: Arial, sans-serif; font-variant-numeric: normal; font-variant-east-asian: normal; font-variant-alternates: normal; font-variant-position: normal; font-variant-emoji: normal; vertical-align: baseline; white-space-collapse: preserve;\"> Nous vous garantissons un rendu impeccable,</span><span style=\"box-sizing: border-box; font-size: 11pt; font-family: Arial, sans-serif; font-variant-numeric: normal; font-variant-east-asian: normal; font-variant-alternates: normal; font-variant-position: normal; font-variant-emoji: normal; vertical-align: baseline; white-space-collapse: preserve;\"> que ce soit pour des rapports, des dossiers, des présentations ou tout autre document.</span></p><p dir=\"ltr\" style=\"box-sizing: border-box; margin-top: 12pt; margin-bottom: 12pt; line-height: 1.38;\"><span style=\"box-sizing: border-box; font-size: 11pt; font-family: Arial, sans-serif; font-variant-numeric: normal; font-variant-east-asian: normal; font-variant-alternates: normal; font-variant-position: normal; font-variant-emoji: normal; vertical-align: baseline; white-space-collapse: preserve;\"><br></span><span style=\"background-color: transparent; font-family: Arial, sans-serif; font-size: 11pt; white-space-collapse: preserve;\">Carte de visite : Personnalisées à votre image, nos cartes de visite sont disponibles sur papier standard ou premium, avec finitions mates ou brillantes pour un rendu professionnel dès le premier contact.</span></p><ul><li style=\"box-sizing: border-box; margin-top: 12pt; margin-bottom: 12pt; line-height: 1.38;\"><span style=\"background-color: transparent; font-family: Arial, sans-serif; font-size: 11pt; white-space-collapse: preserve;\">Dimensions : 85 x 55 mm (d’autres formats sont possibles)</span></li></ul><p style=\"box-sizing: border-box; margin-top: 12pt; margin-bottom: 12pt; line-height: 1.38;\"><img src=\"data:image/jpeg;base64,[BLOB]\" data-filename=\"business-card-4275118_1280.jpg\" style=\"width: 217.8px; height: 146.501px; float: none;\"><span style=\"background-color: transparent; font-family: Arial, sans-serif; font-size: 11pt; white-space-collapse: preserve;\"><br></span></p><p dir=\"ltr\" style=\"box-sizing: border-box; margin-top: 0pt; margin-bottom: 0pt; line-height: 1.38;\"><span style=\"box-sizing: border-box; font-size: 11pt; font-family: Arial, sans-serif; background-color: transparent; font-variant-numeric: normal; font-variant-east-asian: normal; font-variant-alternates: normal; font-variant-position: normal; font-variant-emoji: normal; vertical-align: baseline; white-space-collapse: preserve;\"><br></span></p><p dir=\"ltr\" style=\"box-sizing: border-box; margin-top: 0pt; margin-bottom: 0pt; line-height: 1.38;\"><span style=\"box-sizing: border-box; font-size: 11pt; font-family: Arial, sans-serif; background-color: transparent; font-variant-numeric: normal; font-variant-east-asian: normal; font-variant-alternates: normal; font-variant-position: normal; font-variant-emoji: normal; vertical-align: baseline; white-space-collapse: preserve;\">Dépliant : Idéals pour présenter vos offres ou services, nos dépliants sont imprimés en recto verso, avec plusieurs options de plis (simples, accordéon, roulé) et un rendu visuel impactant.&nbsp;</span></p><p dir=\"ltr\" style=\"box-sizing: border-box; margin-top: 0pt; margin-bottom: 0pt; line-height: 1.38;\"><span style=\"box-sizing: border-box; font-size: 11pt; font-family: Arial, sans-serif; background-color: transparent; font-variant-numeric: normal; font-variant-east-asian: normal; font-variant-alternates: normal; font-variant-position: normal; font-variant-emoji: normal; vertical-align: baseline; white-space-collapse: preserve;\"><br></span></p><ul><li style=\"box-sizing: border-box; margin-top: 0pt; margin-bottom: 0pt; line-height: 1.38;\"><span style=\"box-sizing: border-box; font-size: 11pt; font-family: Arial, sans-serif; background-color: transparent; font-variant-numeric: normal; font-variant-east-asian: normal; font-variant-alternates: normal; font-variant-position: normal; font-variant-emoji: normal; vertical-align: baseline; white-space-collapse: preserve;\">Dimensions : Format A4 : 210 x 297 mm (d’autres formats sont possibles)</span></li></ul><p style=\"box-sizing: border-box; margin-top: 0pt; margin-bottom: 0pt; line-height: 1.38;\"><img src=\"data:image/jpeg;base64,[BLOB]\" data-filename=\"flyer-7493428_1280.jpg\" style=\"width: 25%;\"><span style=\"box-sizing: border-box; font-size: 11pt; font-family: Arial, sans-serif; background-color: transparent; font-variant-numeric: normal; font-variant-east-asian: normal; font-variant-alternates: normal; font-variant-position: normal; font-variant-emoji: normal; vertical-align: baseline; white-space-collapse: preserve;\"><br></span></p><p dir=\"ltr\" style=\"box-sizing: border-box; margin-top: 0pt; margin-bottom: 0pt; line-height: 1.38;\"><span style=\"box-sizing: border-box; font-size: 11pt; font-family: Arial, sans-serif; background-color: transparent; font-variant-numeric: normal; font-variant-east-asian: normal; font-variant-alternates: normal; font-variant-position: normal; font-variant-emoji: normal; vertical-align: baseline; white-space-collapse: preserve;\"><br></span></p><p dir=\"ltr\" style=\"box-sizing: border-box; margin-top: 0pt; margin-bottom: 0pt; line-height: 1.38;\"><span style=\"box-sizing: border-box; font-size: 11pt; font-family: Arial, sans-serif; background-color: transparent; font-variant-numeric: normal; font-variant-east-asian: normal; font-variant-alternates: normal; font-variant-position: normal; font-variant-emoji: normal; vertical-align: baseline; white-space-collapse: preserve;\">Flyers : Parfaits pour la promotion d’événements ou de produits, nos flyers sont disponibles en différents formats avec des impressions vives et attractives pour capter l’attention.&nbsp;</span></p><p dir=\"ltr\" style=\"box-sizing: border-box; margin-top: 0pt; margin-bottom: 0pt; line-height: 1.38;\"><span style=\"box-sizing: border-box; font-size: 11pt; font-family: Arial, sans-serif; background-color: transparent; font-variant-numeric: normal; font-variant-east-asian: normal; font-variant-alternates: normal; font-variant-position: normal; font-variant-emoji: normal; vertical-align: baseline; white-space-collapse: preserve;\"><br></span></p><ul><li style=\"box-sizing: border-box; margin-top: 0pt; margin-bottom: 0pt; line-height: 1.38;\"><span style=\"box-sizing: border-box; font-size: 11pt; font-family: Arial, sans-serif; background-color: transparent; font-variant-numeric: normal; font-variant-east-asian: normal; font-variant-alternates: normal; font-variant-position: normal; font-variant-emoji: normal; vertical-align: baseline; white-space-collapse: preserve;\">Dimensions : Format A6 : 105 x 148 mm (d’autres formats sont possibles)</span></li></ul><p style=\"box-sizing: border-box; margin-top: 0pt; margin-bottom: 0pt; line-height: 1.38;\"><img src=\"data:image/png;base64,[BLOB]\" data-filename=\"flyers.png\" style=\"width: 25%;\"><span style=\"box-sizing: border-box; font-size: 11pt; font-family: Arial, sans-serif; background-color: transparent; font-variant-numeric: normal; font-variant-east-asian: normal; font-variant-alternates: normal; font-variant-position: normal; font-variant-emoji: normal; vertical-align: baseline; white-space-collapse: preserve;\"><br></span></p><p dir=\"ltr\" style=\"box-sizing: border-box; margin-top: 0pt; margin-bottom: 0pt; line-height: 1.38;\"><span style=\"box-sizing: border-box; font-size: 11pt; font-family: Arial, sans-serif; background-color: transparent; font-variant-numeric: normal; font-variant-east-asian: normal; font-variant-alternates: normal; font-variant-position: normal; font-variant-emoji: normal; vertical-align: baseline; white-space-collapse: preserve;\"><br></span></p><p dir=\"ltr\" style=\"box-sizing: border-box; margin-top: 0pt; margin-bottom: 0pt; line-height: 1.38;\"><span style=\"box-sizing: border-box; font-size: 11pt; font-family: Arial, sans-serif; background-color: transparent; font-variant-numeric: normal; font-variant-east-asian: normal; font-variant-alternates: normal; font-variant-position: normal; font-variant-emoji: normal; vertical-align: baseline; white-space-collapse: preserve;\">Affiche : Que ce soit pour une communication en vitrine ou un affichage intérieur, nos affiches petits formats allient qualité d’impression et visibilité optimale.</span></p><p dir=\"ltr\" style=\"box-sizing: border-box; margin-top: 0pt; margin-bottom: 0pt; line-height: 1.38;\"><span style=\"box-sizing: border-box; font-size: 11pt; font-family: Arial, sans-serif; background-color: transparent; font-variant-numeric: normal; font-variant-east-asian: normal; font-variant-alternates: normal; font-variant-position: normal; font-variant-emoji: normal; vertical-align: baseline; white-space-collapse: preserve;\"><br></span></p><ul><li style=\"box-sizing: border-box; margin-top: 0pt; margin-bottom: 0pt; line-height: 1.38;\"><span style=\"box-sizing: border-box; font-size: 11pt; font-family: Arial, sans-serif; background-color: transparent; font-variant-numeric: normal; font-variant-east-asian: normal; font-variant-alternates: normal; font-variant-position: normal; font-variant-emoji: normal; vertical-align: baseline; white-space-collapse: preserve;\">Dimensions : </span><span style=\"background-color: transparent; font-family: Arial, sans-serif; font-size: 11pt; white-space-collapse: preserve;\">Format A4 : 210 x 297 mm (d’autres formats sont possibles)&nbsp;</span></li></ul><p style=\"box-sizing: border-box; margin-top: 0pt; margin-bottom: 0pt; line-height: 1.38;\"><span style=\"background-color: transparent; font-family: Arial, sans-serif; font-size: 11pt; white-space-collapse: preserve;\"><br></span></p><br style=\"box-sizing: border-box;\"><p dir=\"ltr\" style=\"box-sizing: border-box; margin-top: 0pt; margin-bottom: 0pt; line-height: 1.38;\"><span style=\"box-sizing: border-box; font-size: 11pt; font-family: Arial, sans-serif; background-color: transparent; font-variant-numeric: normal; font-variant-east-asian: normal; font-variant-alternates: normal; font-variant-position: normal; font-variant-emoji: normal; vertical-align: baseline; white-space-collapse: preserve;\">Développement de photo : Immortalisez vos souvenirs avec notre service de développement photo haute qualité. Que ce soit pour un usage personnel, un cadeau, ou une exposition, nous développons vos clichés avec un rendu fidèle, des couleurs éclatantes et une netteté optimale. Nous proposons plusieurs formats sur papier photo brillant ou mat.&nbsp;</span></p><p dir=\"ltr\" style=\"box-sizing: border-box; margin-top: 0pt; margin-bottom: 0pt; line-height: 1.38;\"><span style=\"box-sizing: border-box; font-size: 11pt; font-family: Arial, sans-serif; background-color: transparent; font-variant-numeric: normal; font-variant-east-asian: normal; font-variant-alternates: normal; font-variant-position: normal; font-variant-emoji: normal; vertical-align: baseline; white-space-collapse: preserve;\"><br></span></p><ul><li style=\"box-sizing: border-box; margin-top: 0pt; margin-bottom: 0pt; line-height: 1.38;\"><span style=\"box-sizing: border-box; font-size: 11pt; font-family: Arial, sans-serif; background-color: transparent; font-variant-numeric: normal; font-variant-east-asian: normal; font-variant-alternates: normal; font-variant-position: normal; font-variant-emoji: normal; vertical-align: baseline; white-space-collapse: preserve;\">Dimensions : 100 x 150 mm (0.45e) (possible autres formats : / 150 x 250 mm (2.50e) /200 x 250 mm (4e) /&nbsp; 200 x 300 mm (5e) / 300 x 400 mm (6e)&nbsp;</span></li></ul></span><h3 style=\"text-align: center;\"><br></h3><h3 style=\"text-align: center;\">Numérisation :</h3><h2 style=\"text-align: center; line-height: 1.38; margin-top: 12pt; margin-bottom: 12pt;\"><span style=\"box-sizing: border-box; color: rgb(0, 0, 0); font-family: Nunito, &quot;Segoe UI&quot;, arial; font-size: 14px; font-style: normal; font-variant-ligatures: normal; font-variant-caps: normal; font-weight: 400; letter-spacing: normal; orphans: 2; text-align: left; text-indent: 0px; text-transform: none; widows: 2; word-spacing: 0px; -webkit-text-stroke-width: 0px; white-space: normal; text-decoration-thickness: initial; text-decoration-style: initial; text-decoration-color: initial;\"><p dir=\"ltr\" style=\"box-sizing: border-box; margin-top: 0pt; margin-bottom: 0pt; line-height: 1.38;\"><span style=\"box-sizing: border-box; font-size: 11pt; font-family: Arial, sans-serif; font-variant-numeric: normal; font-variant-east-asian: normal; font-variant-alternates: normal; font-variant-position: normal; font-variant-emoji: normal; vertical-align: baseline; white-space-collapse: preserve;\">Nous proposons un service de numérisation de tous vos documents papier. Vos</span><span style=\"font-family: Arial, sans-serif; font-size: 11pt; white-space-collapse: preserve;\"> fichiers sont convertis en formats numériques standard (PDF, JPEG, etc.), selon vos besoins. </span><span style=\"font-size: 11pt; font-family: Arial, sans-serif; font-variant-numeric: normal; font-variant-east-asian: normal; font-variant-alternates: normal; font-variant-position: normal; font-variant-emoji: normal; vertical-align: baseline; white-space-collapse: preserve;\">La numérisation est effectuée de manière rapide et précise. </span><span style=\"font-size: 11pt; font-family: Arial, sans-serif; font-variant-numeric: normal; font-variant-east-asian: normal; font-variant-alternates: normal; font-variant-position: normal; font-variant-emoji: normal; vertical-align: baseline; white-space-collapse: preserve;\">Vous gagnez du temps et de l\'espace. Vos documents sont désormais accessibles à tout moment, sauvegardés et protégés contre la perte.</span><span style=\"font-size: 11pt; font-family: Arial, sans-serif; font-variant-numeric: normal; font-variant-east-asian: normal; font-variant-alternates: normal; font-variant-position: normal; font-variant-emoji: normal; vertical-align: baseline; white-space-collapse: preserve;\"> </span><span style=\"font-size: 11pt; font-family: Arial, sans-serif; font-variant-numeric: normal; font-variant-east-asian: normal; font-variant-alternates: normal; font-variant-position: normal; font-variant-emoji: normal; vertical-align: baseline; white-space-collapse: preserve;\">Faites comme de nombreux clients nous ont déjà fait confiance pour la numérisation de leur document.</span></p></span></h2></span>', NULL, NULL, NULL, NULL, '2025-05-23 12:48:57', '2025-06-25 14:34:24');
